
{"id":133,"date":"2015-07-15T11:32:34","date_gmt":"2015-07-15T11:32:34","guid":{"rendered":"http:\/\/socialpartner.linuxgood.kraftwerk.co.at\/wordpress\/?page_id=133"},"modified":"2015-10-01T11:44:34","modified_gmt":"2015-10-01T11:44:34","slug":"mission-statement","status":"publish","type":"page","link":"https:\/\/www.sozialpartner.at\/?page_id=133","title":{"rendered":"Mission Statement"},"content":{"rendered":"<div class=\"wpb-content-wrapper\"><p>[vc_row][vc_column][vc_column_text]<\/p>\n<h1><\/h1>\n<p>[\/vc_column_text][\/vc_column][\/vc_row][vc_row css=&#8220;.vc_custom_1437125168567{padding-top: 40px !important;}&#8220;][vc_column width=&#8220;2\/12&#8243;][vc_column_text]<br \/>\n[\/vc_column_text][\/vc_column][vc_column width=&#8220;3\/12&#8243;]<div class=\"sp-boxed-side-navigation\">\r\n             <div class=\"sp-navigation-header\">\r\n                <a href=\"#\">Beirat<\/a>\r\n             <\/div>\r\n             <div class=\"sp-navigation-content\">\r\n                <ul><li><a href=\"https:\/\/www.sozialpartner.at\/?page_id=135\">\u00dcber uns<\/a><\/li><li class=\"curent-page-item\"><a href=\"https:\/\/www.sozialpartner.at\/?page_id=133\">Mission Statement<\/a><\/li><li><a href=\"https:\/\/www.sozialpartner.at\/?page_id=137\">Mitglieder<\/a><\/li><li><a href=\"https:\/\/www.sozialpartner.at\/?page_id=1172\">Studien<\/a><\/li><\/ul>\r\n             <\/div>\r\n          <\/div>[\/vc_column][vc_column width=&#8220;5\/12&#8243;][vc_custom_heading text=&#8220;&#8220; font_container=&#8220;tag:h3|text_align:left&#8220; use_theme_fonts=&#8220;yes&#8220;][vc_empty_space height=&#8220;20&#8243;][vc_column_text css=&#8220;.vc_custom_1443622774764{margin-top: -14px !important;}&#8220;][\/vc_column_text][\/vc_column][vc_column width=&#8220;2\/12&#8243;][vc_column_text]<br \/>\n[\/vc_column_text][\/vc_column][\/vc_row][vc_row][vc_column width=&#8220;2\/12&#8243;][vc_column_text]<br \/>\n[\/vc_column_text][\/vc_column][vc_column width=&#8220;8\/12&#8243;][vc_single_image image=&#8220;246&#8243; img_size=&#8220;full&#8220; alignment=&#8220;center&#8220; css=&#8220;.vc_custom_1441126763109{padding-top: 40px !important;padding-bottom: px !important;}&#8220;][\/vc_column][vc_column width=&#8220;2\/12&#8243;][vc_column_text]<br \/>\n[\/vc_column_text][\/vc_column][\/vc_row][vc_row css=&#8220;.vc_custom_1443626496373{padding-top: 20px !important;}&#8220;][vc_column width=&#8220;2\/12&#8243;][vc_column_text]<br \/>\n[\/vc_column_text][\/vc_column][vc_column width=&#8220;8\/12&#8243;][vc_custom_heading text=&#8220;Mission Statement&#8220; font_container=&#8220;tag:h3|text_align:left&#8220; use_theme_fonts=&#8220;yes&#8220;][\/vc_column][vc_column width=&#8220;2\/12&#8243;][vc_column_text]<br \/>\n[\/vc_column_text][\/vc_column][\/vc_row][vc_row css=&#8220;.vc_custom_1443626579376{padding-top: 10px !important;}&#8220;][vc_column width=&#8220;2\/12&#8243;][vc_column_text]<br \/>\n[\/vc_column_text][\/vc_column][vc_column width=&#8220;8\/12&#8243;][vc_column_text]Der Beirat setzt sich aus Expertinnen und Experten der vier Sozialpartnerorganisationen zusammen:[\/vc_column_text][vc_column_text css=&#8220;.vc_custom_1443626417235{padding-top: 10px !important;}&#8220;]<\/p>\n<ul>\n<li>der Wirtschaftskammer \u00d6sterreich (WK\u00d6)<\/li>\n<li>der Bundesarbeitskammer (BAK)<\/li>\n<li>der Landwirtschaftskammer \u00d6sterreich (LK\u00d6)<\/li>\n<li>des \u00d6sterreichischen Gewerkschaftsbundes (\u00d6GB).<\/li>\n<\/ul>\n<p>In die diversen Arbeitsgruppen des Beirats werden auch externe Expertinnen und Experten beigezogen.[\/vc_column_text][\/vc_column][vc_column width=&#8220;2\/12&#8243;][vc_column_text]<br \/>\n[\/vc_column_text][\/vc_column][\/vc_row][vc_row css=&#8220;.vc_custom_1440769813743{padding-top: 20px !important;}&#8220;][vc_column width=&#8220;2\/12&#8243;][vc_column_text]<br \/>\n[\/vc_column_text][\/vc_column][vc_column width=&#8220;8\/12&#8243;][vc_column_text]Ziel des Beirats f\u00fcr Wirtschafts- und Sozialfragen ist es, Daten und Fakten au\u00dfer Streit zu stellen und dadurch zur Versachlichung der politischen Diskussion beizutragen.<br \/>\nIn Fragen von gesamtwirtschaftlicher Bedeutung werden Gutachten erstellt und L\u00f6sungsans\u00e4tze sowie Vorschl\u00e4ge f\u00fcr eine bessere Koordinierung wirtschafts- und sozialpolitischer Ma\u00dfnahmen erarbeitet.[\/vc_column_text][\/vc_column][vc_column width=&#8220;2\/12&#8243;][vc_column_text]<br \/>\n[\/vc_column_text][\/vc_column][\/vc_row][vc_row css=&#8220;.vc_custom_1440769865427{padding-top: 20px !important;}&#8220;][vc_column width=&#8220;2\/12&#8243;][vc_column_text]<br \/>\n[\/vc_column_text][\/vc_column][vc_column width=&#8220;8\/12&#8243;][vc_column_text]Die Experten und Expertinnen des Beirats st\u00fctzen sich dabei auf die sogenannten Sozialpartnerabkommen, bei denen unter anderem folgende Zielsetzungen festgelegt sind:<\/p>\n<ul>\n<li>Sicherung der internationalen Wettbewerbsf\u00e4higkeit: insbesondere durch ein hohes Investitionsniveau, eine Steigerung der Forschungsanstrengungen, Produktivit\u00e4tssteigerungen und Qualit\u00e4tsverbesserungen.<\/li>\n<li>F\u00f6rderung und Entwicklung der menschlichen Begabungen und F\u00e4higkeiten: insbesondere durch Aus- und Weiterbildung.<\/li>\n<li>Erhaltung und Verbesserung einer humanen Arbeitswelt und Weiterentwicklung einer m\u00f6glichst ausgewogenen Sozialstruktur.<\/li>\n<\/ul>\n<p>[\/vc_column_text][\/vc_column][vc_column width=&#8220;2\/12&#8243;][vc_column_text]<br \/>\n[\/vc_column_text][\/vc_column][\/vc_row][vc_row css=&#8220;.vc_custom_1437125753185{padding-top: 30px !important;}&#8220;][vc_column width=&#8220;2\/12&#8243;][vc_column_text]<br \/>\n[\/vc_column_text][\/vc_column][vc_column width=&#8220;8\/12&#8243;][vc_column_text]<\/p>\n<p>Die Themenbereiche des Beirats erstrecken sich auf die Wirtschafts-, Finanz- und Steuerpolitik, die Besch\u00e4ftigungs- und Arbeitsmarktpolitik, die Sozial- und Gesundheitspolitik, die Umwelt-, Energie- und Infrastrukturpolitik sowie die Innovations- und Bildungspolitik.<\/p>\n<p>[\/vc_column_text][\/vc_column][vc_column width=&#8220;2\/12&#8243;][vc_column_text]<br \/>\n[\/vc_column_text][\/vc_column][\/vc_row][vc_row css=&#8220;.vc_custom_1437125753185{padding-top: 30px !important;}&#8220;][vc_column width=&#8220;2\/12&#8243;][vc_column_text]<br \/>\n[\/vc_column_text][\/vc_column][vc_column width=&#8220;8\/12&#8243;][vc_column_text]Durch die Versachlichung des Diskurses werden im vorpolitischen Raum Herausforderungen und unterschiedliche Positionen l\u00f6sungsorientiert bearbeitet und in konsensual ausgearbeitete, offen diskutierte Empfehlungen an die Spitzen der Sozialpartnerorganisationen \u00fcbermittelt. Die einstimmig von den Sozialpartnerh\u00e4usern getragenen Empfehlungen werden in Folge an die Bundesregierung oder andere Tr\u00e4ger der Wirtschafts-, Sozial- oder Bildungspolitik adressiert.<\/p>\n<p>Der Beirat tr\u00e4gt somit durch seine Arbeit zur Entwicklung einer ausgewogenen, nicht unmittelbar am tagespolitischen Kalk\u00fcl orientierten, sondern der gesamtwirtschaftlichen und -gesellschaftlichen Entwicklung verpflichteten \u00a0bei.[\/vc_column_text][\/vc_column][vc_column width=&#8220;2\/12&#8243;][vc_column_text]<br \/>\n[\/vc_column_text][\/vc_column][\/vc_row][vc_row][vc_column width=&#8220;2\/12&#8243;][vc_column_text]<br \/>\n[\/vc_column_text][\/vc_column][vc_column width=&#8220;8\/12&#8243; css=&#8220;.vc_custom_1440770493077{padding-bottom: 0px !important;}&#8220;][vc_single_image image=&#8220;246&#8243; img_size=&#8220;full&#8220; alignment=&#8220;center&#8220; css=&#8220;.vc_custom_1441207440753{padding-top: 40px !important;padding-bottom: 0px !important;}&#8220;][\/vc_column][vc_column width=&#8220;2\/12&#8243;][vc_column_text]<br \/>\n[\/vc_column_text][\/vc_column][\/vc_row]<\/p>\n<\/div>","protected":false},"excerpt":{"rendered":"<p>[vc_row][vc_column][vc_column_text] [\/vc_column_text][\/vc_column][\/vc_row][vc_row css=&#8220;.vc_custom_1437125168567{padding-top: 40px !important;}&#8220;][vc_column width=&#8220;2\/12&#8243;][vc_column_text] [\/vc_column_text][\/vc_column][vc_column width=&#8220;3\/12&#8243;][\/vc_column][vc_column width=&#8220;5\/12&#8243;][vc_custom_heading text=&#8220;&#8220; font_container=&#8220;tag:h3|text_align:left&#8220; use_theme_fonts=&#8220;yes&#8220;][vc_empty_space height=&#8220;20&#8243;][vc_column_text css=&#8220;.vc_custom_1443622774764{margin-top: -14px !important;}&#8220;][\/vc_column_text][\/vc_column][vc_column width=&#8220;2\/12&#8243;][vc_column_text] [\/vc_column_text][\/vc_column][\/vc_row][vc_row][vc_column width=&#8220;2\/12&#8243;][vc_column_text] [\/vc_column_text][\/vc_column][vc_column width=&#8220;8\/12&#8243;][vc_single_image image=&#8220;246&#8243; img_size=&#8220;full&#8220; alignment=&#8220;center&#8220; css=&#8220;.vc_custom_1441126763109{padding-top: 40px !important;padding-bottom: px !important;}&#8220;][\/vc_column][vc_column width=&#8220;2\/12&#8243;][vc_column_text] [\/vc_column_text][\/vc_column][\/vc_row][vc_row css=&#8220;.vc_custom_1443626496373{padding-top: 20px !important;}&#8220;][vc_column width=&#8220;2\/12&#8243;][vc_column_text] [\/vc_column_text][\/vc_column][vc_column width=&#8220;8\/12&#8243;][vc_custom_heading text=&#8220;Mission Statement&#8220; font_container=&#8220;tag:h3|text_align:left&#8220; use_theme_fonts=&#8220;yes&#8220;][\/vc_column][vc_column width=&#8220;2\/12&#8243;][vc_column_text] [\/vc_column_text][\/vc_column][\/vc_row][vc_row css=&#8220;.vc_custom_1443626579376{padding-top: 10px !important;}&#8220;][vc_column width=&#8220;2\/12&#8243;][vc_column_text] [\/vc_column_text][\/vc_column][vc_column width=&#8220;8\/12&#8243;][vc_column_text]Der Beirat setzt sich aus Expertinnen und [&hellip;]<\/p>\n","protected":false},"author":1,"featured_media":0,"parent":1156,"menu_order":20,"comment_status":"open","ping_status":"closed","template":"","meta":{"footnotes":""},"class_list":["post-133","page","type-page","status-publish","hentry"],"_links":{"self":[{"href":"https:\/\/www.sozialpartner.at\/index.php?rest_route=\/wp\/v2\/pages\/133","targetHints":{"allow":["GET"]}}],"collection":[{"href":"https:\/\/www.sozialpartner.at\/index.php?rest_route=\/wp\/v2\/pages"}],"about":[{"href":"https:\/\/www.sozialpartner.at\/index.php?rest_route=\/wp\/v2\/types\/page"}],"author":[{"embeddable":true,"href":"https:\/\/www.sozialpartner.at\/index.php?rest_route=\/wp\/v2\/users\/1"}],"replies":[{"embeddable":true,"href":"https:\/\/www.sozialpartner.at\/index.php?rest_route=%2Fwp%2Fv2%2Fcomments&post=133"}],"version-history":[{"count":0,"href":"https:\/\/www.sozialpartner.at\/index.php?rest_route=\/wp\/v2\/pages\/133\/revisions"}],"up":[{"embeddable":true,"href":"https:\/\/www.sozialpartner.at\/index.php?rest_route=\/wp\/v2\/pages\/1156"}],"wp:attachment":[{"href":"https:\/\/www.sozialpartner.at\/index.php?rest_route=%2Fwp%2Fv2%2Fmedia&parent=133"}],"curies":[{"name":"wp","href":"https:\/\/api.w.org\/{rel}","templated":true}]}}

<div class="wpb-content-wrapper"><p>[vc_row][vc_column][vc_column_text]</p>
<h1></h1>
<p>[/vc_column_text][/vc_column][/vc_row][vc_row css=&#8220;.vc_custom_1437125168567{padding-top: 40px !important;}&#8220;][vc_column width=&#8220;2/12&#8243;][vc_column_text]<br />
[/vc_column_text][/vc_column][vc_column width=&#8220;3/12&#8243;]<div class="sp-boxed-side-navigation">
             <div class="sp-navigation-header">
                <a href="#">Beirat</a>
             </div>
             <div class="sp-navigation-content">
                <ul><li><a href="https://www.sozialpartner.at/?page_id=135">Über uns</a></li><li class="curent-page-item"><a href="https://www.sozialpartner.at/?page_id=133">Mission Statement</a></li><li><a href="https://www.sozialpartner.at/?page_id=137">Mitglieder</a></li><li><a href="https://www.sozialpartner.at/?page_id=1172">Studien</a></li></ul>
             </div>
          </div>[/vc_column][vc_column width=&#8220;5/12&#8243;][vc_custom_heading text=&#8220;&#8220; font_container=&#8220;tag:h3|text_align:left&#8220; use_theme_fonts=&#8220;yes&#8220;][vc_empty_space height=&#8220;20&#8243;][vc_column_text css=&#8220;.vc_custom_1443622774764{margin-top: -14px !important;}&#8220;][/vc_column_text][/vc_column][vc_column width=&#8220;2/12&#8243;][vc_column_text]<br />
[/vc_column_text][/vc_column][/vc_row][vc_row][vc_column width=&#8220;2/12&#8243;][vc_column_text]<br />
[/vc_column_text][/vc_column][vc_column width=&#8220;8/12&#8243;][vc_single_image image=&#8220;246&#8243; img_size=&#8220;full&#8220; alignment=&#8220;center&#8220; css=&#8220;.vc_custom_1441126763109{padding-top: 40px !important;padding-bottom: px !important;}&#8220;][/vc_column][vc_column width=&#8220;2/12&#8243;][vc_column_text]<br />
[/vc_column_text][/vc_column][/vc_row][vc_row css=&#8220;.vc_custom_1443626496373{padding-top: 20px !important;}&#8220;][vc_column width=&#8220;2/12&#8243;][vc_column_text]<br />
[/vc_column_text][/vc_column][vc_column width=&#8220;8/12&#8243;][vc_custom_heading text=&#8220;Mission Statement&#8220; font_container=&#8220;tag:h3|text_align:left&#8220; use_theme_fonts=&#8220;yes&#8220;][/vc_column][vc_column width=&#8220;2/12&#8243;][vc_column_text]<br />
[/vc_column_text][/vc_column][/vc_row][vc_row css=&#8220;.vc_custom_1443626579376{padding-top: 10px !important;}&#8220;][vc_column width=&#8220;2/12&#8243;][vc_column_text]<br />
[/vc_column_text][/vc_column][vc_column width=&#8220;8/12&#8243;][vc_column_text]Der Beirat setzt sich aus Expertinnen und Experten der vier Sozialpartnerorganisationen zusammen:[/vc_column_text][vc_column_text css=&#8220;.vc_custom_1443626417235{padding-top: 10px !important;}&#8220;]</p>
<ul>
<li>der Wirtschaftskammer Österreich (WKÖ)</li>
<li>der Bundesarbeitskammer (BAK)</li>
<li>der Landwirtschaftskammer Österreich (LKÖ)</li>
<li>des Österreichischen Gewerkschaftsbundes (ÖGB).</li>
</ul>
<p>In die diversen Arbeitsgruppen des Beirats werden auch externe Expertinnen und Experten beigezogen.[/vc_column_text][/vc_column][vc_column width=&#8220;2/12&#8243;][vc_column_text]<br />
[/vc_column_text][/vc_column][/vc_row][vc_row css=&#8220;.vc_custom_1440769813743{padding-top: 20px !important;}&#8220;][vc_column width=&#8220;2/12&#8243;][vc_column_text]<br />
[/vc_column_text][/vc_column][vc_column width=&#8220;8/12&#8243;][vc_column_text]Ziel des Beirats für Wirtschafts- und Sozialfragen ist es, Daten und Fakten außer Streit zu stellen und dadurch zur Versachlichung der politischen Diskussion beizutragen.<br />
In Fragen von gesamtwirtschaftlicher Bedeutung werden Gutachten erstellt und Lösungsansätze sowie Vorschläge für eine bessere Koordinierung wirtschafts- und sozialpolitischer Maßnahmen erarbeitet.[/vc_column_text][/vc_column][vc_column width=&#8220;2/12&#8243;][vc_column_text]<br />
[/vc_column_text][/vc_column][/vc_row][vc_row css=&#8220;.vc_custom_1440769865427{padding-top: 20px !important;}&#8220;][vc_column width=&#8220;2/12&#8243;][vc_column_text]<br />
[/vc_column_text][/vc_column][vc_column width=&#8220;8/12&#8243;][vc_column_text]Die Experten und Expertinnen des Beirats stützen sich dabei auf die sogenannten Sozialpartnerabkommen, bei denen unter anderem folgende Zielsetzungen festgelegt sind:</p>
<ul>
<li>Sicherung der internationalen Wettbewerbsfähigkeit: insbesondere durch ein hohes Investitionsniveau, eine Steigerung der Forschungsanstrengungen, Produktivitätssteigerungen und Qualitätsverbesserungen.</li>
<li>Förderung und Entwicklung der menschlichen Begabungen und Fähigkeiten: insbesondere durch Aus- und Weiterbildung.</li>
<li>Erhaltung und Verbesserung einer humanen Arbeitswelt und Weiterentwicklung einer möglichst ausgewogenen Sozialstruktur.</li>
</ul>
<p>[/vc_column_text][/vc_column][vc_column width=&#8220;2/12&#8243;][vc_column_text]<br />
[/vc_column_text][/vc_column][/vc_row][vc_row css=&#8220;.vc_custom_1437125753185{padding-top: 30px !important;}&#8220;][vc_column width=&#8220;2/12&#8243;][vc_column_text]<br />
[/vc_column_text][/vc_column][vc_column width=&#8220;8/12&#8243;][vc_column_text]</p>
<p>Die Themenbereiche des Beirats erstrecken sich auf die Wirtschafts-, Finanz- und Steuerpolitik, die Beschäftigungs- und Arbeitsmarktpolitik, die Sozial- und Gesundheitspolitik, die Umwelt-, Energie- und Infrastrukturpolitik sowie die Innovations- und Bildungspolitik.</p>
<p>[/vc_column_text][/vc_column][vc_column width=&#8220;2/12&#8243;][vc_column_text]<br />
[/vc_column_text][/vc_column][/vc_row][vc_row css=&#8220;.vc_custom_1437125753185{padding-top: 30px !important;}&#8220;][vc_column width=&#8220;2/12&#8243;][vc_column_text]<br />
[/vc_column_text][/vc_column][vc_column width=&#8220;8/12&#8243;][vc_column_text]Durch die Versachlichung des Diskurses werden im vorpolitischen Raum Herausforderungen und unterschiedliche Positionen lösungsorientiert bearbeitet und in konsensual ausgearbeitete, offen diskutierte Empfehlungen an die Spitzen der Sozialpartnerorganisationen übermittelt. Die einstimmig von den Sozialpartnerhäusern getragenen Empfehlungen werden in Folge an die Bundesregierung oder andere Träger der Wirtschafts-, Sozial- oder Bildungspolitik adressiert.</p>
<p>Der Beirat trägt somit durch seine Arbeit zur Entwicklung einer ausgewogenen, nicht unmittelbar am tagespolitischen Kalkül orientierten, sondern der gesamtwirtschaftlichen und -gesellschaftlichen Entwicklung verpflichteten  bei.[/vc_column_text][/vc_column][vc_column width=&#8220;2/12&#8243;][vc_column_text]<br />
[/vc_column_text][/vc_column][/vc_row][vc_row][vc_column width=&#8220;2/12&#8243;][vc_column_text]<br />
[/vc_column_text][/vc_column][vc_column width=&#8220;8/12&#8243; css=&#8220;.vc_custom_1440770493077{padding-bottom: 0px !important;}&#8220;][vc_single_image image=&#8220;246&#8243; img_size=&#8220;full&#8220; alignment=&#8220;center&#8220; css=&#8220;.vc_custom_1441207440753{padding-top: 40px !important;padding-bottom: 0px !important;}&#8220;][/vc_column][vc_column width=&#8220;2/12&#8243;][vc_column_text]<br />
[/vc_column_text][/vc_column][/vc_row]</p>
</div>
