
{"id":135,"date":"2015-07-15T11:33:10","date_gmt":"2015-07-15T11:33:10","guid":{"rendered":"http:\/\/socialpartner.linuxgood.kraftwerk.co.at\/wordpress\/?page_id=135"},"modified":"2017-03-16T10:13:02","modified_gmt":"2017-03-16T10:13:02","slug":"ueber-uns","status":"publish","type":"page","link":"https:\/\/www.sozialpartner.at\/?page_id=135","title":{"rendered":"\u00dcber uns"},"content":{"rendered":"<div class=\"wpb-content-wrapper\"><p>[vc_row][vc_column][vc_column_text]<\/p>\n<h2><\/h2>\n<p>[\/vc_column_text][\/vc_column][\/vc_row][vc_row css=&#8220;.vc_custom_1437125168567{padding-top: 40px !important;}&#8220;][vc_column width=&#8220;2\/12&#8243;][vc_column_text]<br \/>\n[\/vc_column_text][\/vc_column][vc_column width=&#8220;3\/12&#8243;]<div class=\"sp-boxed-side-navigation\">\r\n             <div class=\"sp-navigation-header\">\r\n                <a href=\"#\">Beirat<\/a>\r\n             <\/div>\r\n             <div class=\"sp-navigation-content\">\r\n                <ul><li class=\"curent-page-item\"><a href=\"https:\/\/www.sozialpartner.at\/?page_id=135\">\u00dcber uns<\/a><\/li><li><a href=\"https:\/\/www.sozialpartner.at\/?page_id=133\">Mission Statement<\/a><\/li><li><a href=\"https:\/\/www.sozialpartner.at\/?page_id=137\">Mitglieder<\/a><\/li><li><a href=\"https:\/\/www.sozialpartner.at\/?page_id=1172\">Studien<\/a><\/li><\/ul>\r\n             <\/div>\r\n          <\/div>[\/vc_column][vc_column width=&#8220;5\/12&#8243;][vc_custom_heading text=&#8220;\u00dcber uns&#8220; font_container=&#8220;tag:h3|text_align:left&#8220; use_theme_fonts=&#8220;yes&#8220;][vc_empty_space height=&#8220;20&#8243;][vc_column_text css=&#8220;.vc_custom_1489659179934{margin-top: -14px !important;}&#8220;]<\/p>\n<p style=\"font-size: 16px; line-height: 28px; font-weight: 300;\">Der Beirat f\u00fcr Wirtschafts- und Sozialfragen ist eine aus Expertinnen und Experten der Sozialpartner-Institutionen bestehende Plattform. Als Think Tank agiert er gleichsam als Kompetenzzentrum der Sozialpartnerschaft. Seine Kernaufgabe besteht in der Politikberatung. Wesentliche Aufgabe des Beirats ist es, zu einer Versachlichung des wirtschaftspolitischen Diskurses beizutragen.<\/p>\n<p>[\/vc_column_text][\/vc_column][vc_column width=&#8220;2\/12&#8243;][vc_column_text]<br \/>\n[\/vc_column_text][\/vc_column][\/vc_row][vc_row][vc_column width=&#8220;2\/12&#8243;][vc_column_text]<br \/>\n[\/vc_column_text][\/vc_column][vc_column width=&#8220;8\/12&#8243;][vc_single_image image=&#8220;246&#8243; img_size=&#8220;full&#8220; alignment=&#8220;center&#8220; css=&#8220;.vc_custom_1441126829497{padding-top: 40px !important;padding-bottom: 0px !important;}&#8220;][\/vc_column][vc_column width=&#8220;2\/12&#8243;][vc_column_text]<br \/>\n[\/vc_column_text][\/vc_column][\/vc_row][vc_row css=&#8220;.vc_custom_1443625308043{padding-top: 20px !important;}&#8220;][vc_column width=&#8220;2\/12&#8243;][vc_column_text]<br \/>\n[\/vc_column_text][\/vc_column][vc_column width=&#8220;8\/12&#8243;][vc_column_text]<\/p>\n<h3>Aufgaben<\/h3>\n<p>[\/vc_column_text][vc_column_text css=&#8220;.vc_custom_1443625058721{padding-top: 10px !important;}&#8220;]Dem Beirat wurde unter anderem aufgetragen,[\/vc_column_text][vc_column_text css=&#8220;.vc_custom_1443625196730{padding-top: 10px !important;}&#8220;]<\/p>\n<ul>\n<li><strong>Untersuchungen zu wirtschafts- und sozialpolitischen Fragestellungen<\/strong> unter gesamtwirtschaftlichen Aspekten anzustellen sowie<\/li>\n<\/ul>\n<ul>\n<li><strong>Empfehlungen<\/strong> auszuarbeiten, die <strong>zur Stabilisierung der Kaufkraft<\/strong>, <strong>zu einem stetigen Wirtschaftswachstum<\/strong> und <strong>zur Vollbesch\u00e4ftigung<\/strong> beitragen, sowie<\/li>\n<\/ul>\n<ul>\n<li><strong>Vorschl\u00e4ge f\u00fcr eine bessere Koordinierung wirtschafts- und sozialpolitischer Ma\u00dfnahmen<\/strong> auszuarbeiten und grunds\u00e4tzliche Fragen dieser Gebiete zu behandeln.<\/li>\n<\/ul>\n<ul>\n<li>Der Beirat soll der Notwendigkeit Rechnung tragen, <strong>wirtschaftspolitische Fragen durch \u00f6konomische Gutachten aufzubereiten<\/strong>, also eine Institution zur Versachlichung der politischen Diskussion darstellen, indem gemeinsame Grundlagen erarbeitet sowie Daten und Fakten au\u00dfer Streit gestellt werden.<\/li>\n<\/ul>\n<ul>\n<li>Diese sollen den Ausgangspunkt f\u00fcr gemeinsam von den Sozialpartnern getragene Ma\u00dfnahmen und Empfehlungen an die Bundesregierung sowie an die Tr\u00e4ger der Wirtschafts- und Sozialpolitik bilden.<\/li>\n<\/ul>\n<p>[\/vc_column_text][vc_separator css=&#8220;.vc_custom_1443625324650{padding-top: 20px !important;padding-bottom: 20px !important;}&#8220;][vc_column_text]Im Laufe seiner T\u00e4tigkeit wurde dieser Auftrag ausgeweitet und umfasst heute ganz allgemein Beitr\u00e4ge zur Wirtschafts- uns Sozialpolitik, also \u00fcber makro\u00f6konomische Themenbereiche hinaus gehend auch Fragen der Strukturentwicklung und mikro\u00f6konomische Themen.[\/vc_column_text][vc_column_text css=&#8220;.vc_custom_1443625584863{padding-top: 10px !important;}&#8220;]Im j\u00fcngsten Sozialpartnerabkommen wurden unter anderem folgende zus\u00e4tzliche Zielsetzungen festgelegt:[\/vc_column_text][vc_column_text css=&#8220;.vc_custom_1443625403869{padding-top: 10px !important;}&#8220;]<\/p>\n<ul>\n<li><strong>Sicherung der internationalen Wettbewerbsf\u00e4higkeit<\/strong>: insbesondere durch ein hohes Investitionsniveau, eine Steigerung der Forschungsanstrengungen, Produktivit\u00e4tssteigerungen und Qualit\u00e4tsverbesserungen.<\/li>\n<\/ul>\n<ul>\n<li><strong>F\u00f6rderung und Entwicklung der menschlichen Begabungen und F\u00e4higkeiten<\/strong>: insbesondere durch Aus- und Weiterbildung.<\/li>\n<\/ul>\n<ul>\n<li><strong>Erhaltung und Verbesserung einer humanen Arbeitswelt<\/strong> und <strong>Weiterentwicklung einer m\u00f6glichst ausgewogenen Sozialstruktur<\/strong>.<\/li>\n<\/ul>\n<p>[\/vc_column_text][\/vc_column][vc_column width=&#8220;2\/12&#8243;][vc_column_text]<br \/>\n[\/vc_column_text][\/vc_column][\/vc_row][vc_row][vc_column width=&#8220;2\/12&#8243;][vc_column_text]<br \/>\n[\/vc_column_text][\/vc_column][vc_column width=&#8220;8\/12&#8243;][vc_single_image image=&#8220;246&#8243; img_size=&#8220;full&#8220; alignment=&#8220;center&#8220; css=&#8220;.vc_custom_1443626270366{padding-top: 20px !important;padding-bottom: 0px !important;}&#8220;][\/vc_column][vc_column width=&#8220;2\/12&#8243;][vc_column_text]<br \/>\n[\/vc_column_text][\/vc_column][\/vc_row][vc_row css=&#8220;.vc_custom_1443626215097{padding-top: 10px !important;}&#8220;][vc_column width=&#8220;2\/12&#8243;][vc_column_text]<br \/>\n[\/vc_column_text][\/vc_column][vc_column width=&#8220;8\/12&#8243;][vc_column_text]<\/p>\n<h3>Historisches<\/h3>\n<p>[\/vc_column_text][vc_column_text css=&#8220;.vc_custom_1443625647529{padding-top: 10px !important;}&#8220;]Der Beirat f\u00fcr Wirtschafts- und Sozialfragen wurde nach dem 1957 durch das Raab-B\u00f6hm-Abkommen ins Leben gerufenen Preisunterausschuss und dem 1962 durch das Raab-Olah-Abkommen geschaffene Lohnunterausschuss 1963 von Julius Raab und Anton Benya als dritter Unterausschuss der Parit\u00e4tischen Kommission f\u00fcr Lohn- und Preisfragen gegr\u00fcndet.[\/vc_column_text][vc_column_text css=&#8220;.vc_custom_1443625657154{padding-top: 10px !important;}&#8220;]Anders als die beiden anderen Unteraussch\u00fcsse war die Aufgabe des Beirates nicht die Entscheidungsfindung, nicht das Fassen von Beschl\u00fcssen \u2013 sondern die analysebasierte Politikberatung.[\/vc_column_text][vc_column_text css=&#8220;.vc_custom_1443625517879{padding-top: 10px !important;}&#8220;]Der Beirat ist in den Jahrzehnten nach seiner Gr\u00fcndung 1963 zu einer wesentlichen S\u00e4ule der Sozialpartnerschaft geworden: Er sorgt f\u00fcr eine ausgewogene, nicht unmittelbar am tagespolitischen Kalk\u00fcl orientierte, der gesamtwirtschaftlichen Entwicklung verpflichtete Expertise.[\/vc_column_text][vc_column_text css=&#8220;.vc_custom_1443625714919{padding-top: 10px !important;}&#8220;]Im Rahmen der \u00f6sterreichischen Sozialpartnerschaft hat die institutionalisierte Beratung der Wirtschafts- und Sozialpolitik seit der Einsetzung des Beirats f\u00fcr Wirtschafts- und Sozialfragen im Jahr 1963 eine wichtige Funktion: in Fragen von gesamtwirtschaftlicher Bedeutung, fallweise auch in wichtigen Teilbereichen auf wissenschaftlicher Grundlage durch Expertinnen und Experten der Sozialpartnerverb\u00e4nde unter Beiziehung von Wissenschaftlern und Experten aus anderen Institutionen L\u00f6sungen zu erarbeiten, die von den gro\u00dfen Interessenorganisationen gemeinsam vertreten werden.[\/vc_column_text][\/vc_column][vc_column width=&#8220;2\/12&#8243;][vc_column_text]<br \/>\n[\/vc_column_text][\/vc_column][\/vc_row][vc_row][vc_column width=&#8220;2\/12&#8243;][vc_column_text]<br \/>\n[\/vc_column_text][\/vc_column][vc_column width=&#8220;8\/12&#8243;][vc_single_image image=&#8220;246&#8243; img_size=&#8220;full&#8220; alignment=&#8220;center&#8220; css=&#8220;.vc_custom_1443626287725{padding-top: 20px !important;padding-bottom: 0px !important;}&#8220;][\/vc_column][vc_column width=&#8220;2\/12&#8243;][vc_column_text]<br \/>\n[\/vc_column_text][\/vc_column][\/vc_row][vc_row css=&#8220;.vc_custom_1443626223644{padding-top: 10px !important;}&#8220;][vc_column width=&#8220;2\/12&#8243;][vc_column_text]<br \/>\n[\/vc_column_text][\/vc_column][vc_column width=&#8220;8\/12&#8243;][vc_column_text]<\/p>\n<h3>Organisation<\/h3>\n<p>[\/vc_column_text][vc_column_text css=&#8220;.vc_custom_1443625945252{padding-top: 10px !important;}&#8220;]Bedingt durch die informelle Rechtsnatur des Beirats verf\u00fcgt dieser \u00fcber keine verbindliche, schriftlich festgelegte Gesch\u00e4ftsordnung, \u00fcber keine eigenen R\u00e4umlichkeiten und \u00fcber kein eigenes Budget. Die praktizierte Gesch\u00e4ftsordnung des Beirats entwickelte sich aus der Praxis, aus Traditionen und ist rechtlich unverbindlich.[\/vc_column_text][vc_column_text css=&#8220;.vc_custom_1443625931711{padding-top: 10px !important;}&#8220;]Der Vorsitz (\u201ePr\u00e4sidentschaft&#8220;) im Beirat rotiert halbj\u00e4hrlich zwischen den vier vertretenen Sozialpartnerverb\u00e4nden. Der Vorsitzende (\u201ePr\u00e4sident&#8220;) leitet die Sitzungen des Beirats und vertritt diesen nach au\u00dfen.[\/vc_column_text][vc_column_text css=&#8220;.vc_custom_1443626040474{padding-top: 10px !important;}&#8220;]Der Beirat trifft einmal pro Monat zu einer Sitzung zusammen, die in den R\u00e4umlichkeiten derjenigen Organisation stattfindet, welche gerade den Vorsitzenden stellt. Diese Sitzungen sind vertraulich und nicht \u00f6ffentlich.[\/vc_column_text][vc_column_text css=&#8220;.vc_custom_1443626046271{padding-top: 10px !important;}&#8220;]Beirats\u00e4u\u00dferungen sind in der Regel einvernehmlich. Formulierungen werden so lange gesucht, bis ein Konsens hergestellt werden kann. Abstimmungen sind daher nicht vorgesehen, Minderheitsvoten nur in besonderen Ausnahmef\u00e4llen.[\/vc_column_text][vc_column_text css=&#8220;.vc_custom_1443626058454{padding-top: 10px !important;}&#8220;]Die Nominierung der Mitglieder und des Pr\u00e4sidenten erfolgt durch die zust\u00e4ndigen Organe der entsendenden vier Sozialpartnerverb\u00e4nde entsprechend deren jeweiligen Gesch\u00e4ftsordnungen.<\/p>\n<p>[\/vc_column_text][vc_column_text css=&#8220;.vc_custom_1443626126667{padding-top: 10px !important;}&#8220;]Das Mandat ist prinzipiell zeitlich unbegrenzt und kann von dem entsendenden Sozialpartnerverband jederzeit widerrufen werden.[\/vc_column_text][vc_column_text css=&#8220;.vc_custom_1443626150540{padding-top: 10px !important;}&#8220;]Die T\u00e4tigkeit der Beiratsmitglieder ist ebenso wie die des Vorsitzenden und die der beiden Gesch\u00e4ftsf\u00fchrer unentgeltlich. All diese T\u00e4tigkeiten werden von diesen im Rahmen ihrer \u00fcblicherweise mit einem der vier Sozialpartnerverb\u00e4nde bestehenden Dienstverh\u00e4ltnisse erbracht.[\/vc_column_text][vc_column_text css=&#8220;.vc_custom_1443626168146{padding-top: 10px !important;}&#8220;]Etwaige durch die Beiratst\u00e4tigkeit entstehende Kosten (Publikationen, Konferenzen &#8230;) werden \u00fcblicherweise von den vier Sozialpartnerverb\u00e4nden zu gleichen H\u00e4nden getragen.[\/vc_column_text][\/vc_column][vc_column width=&#8220;2\/12&#8243;][vc_column_text]<br \/>\n[\/vc_column_text][\/vc_column][\/vc_row][vc_row][vc_column width=&#8220;2\/12&#8243;][vc_column_text]<br \/>\n[\/vc_column_text][\/vc_column][vc_column width=&#8220;8\/12&#8243;]<section class=\"sp-content-section\">\r\n               <div class=\"sp-link-list-element\">\r\n                  <div class=\"sp-link-list-header\"><div>Links<\/div><\/div>\r\n                  <div class=\"sp-link-list-content\"><div class=\"sp-single-link\">\r\n              <img decoding=\"async\" src=\"https:\/\/www.sozialpartner.at\/wp-content\/themes\/tema\/images\/assets\/link.png\" alt=\"\" \/>\r\n              <a href=\"http:\/\/www.eesc.europa.eu\/ceslink\/?i=ceslink.en.directory\" target=\"_blank\">Wirtschafts- und Sozialr\u00e4te in der Europ\u00e4ischen Union<\/a>\r\n           <\/div><\/div>\r\n               <\/div>\r\n            <\/section>[\/vc_column][vc_column width=&#8220;2\/12&#8243;][vc_column_text]<br \/>\n[\/vc_column_text][\/vc_column][\/vc_row]<\/p>\n<\/div>","protected":false},"excerpt":{"rendered":"<p>[vc_row][vc_column][vc_column_text] [\/vc_column_text][\/vc_column][\/vc_row][vc_row css=&#8220;.vc_custom_1437125168567{padding-top: 40px !important;}&#8220;][vc_column width=&#8220;2\/12&#8243;][vc_column_text] [\/vc_column_text][\/vc_column][vc_column width=&#8220;3\/12&#8243;][\/vc_column][vc_column width=&#8220;5\/12&#8243;][vc_custom_heading text=&#8220;\u00dcber uns&#8220; font_container=&#8220;tag:h3|text_align:left&#8220; use_theme_fonts=&#8220;yes&#8220;][vc_empty_space height=&#8220;20&#8243;][vc_column_text css=&#8220;.vc_custom_1489659179934{margin-top: -14px !important;}&#8220;] Der Beirat f\u00fcr Wirtschafts- und Sozialfragen ist eine aus Expertinnen und Experten der Sozialpartner-Institutionen bestehende Plattform. Als Think Tank agiert er gleichsam als Kompetenzzentrum der Sozialpartnerschaft. Seine Kernaufgabe besteht in der Politikberatung. Wesentliche Aufgabe des Beirats ist es, [&hellip;]<\/p>\n","protected":false},"author":1,"featured_media":0,"parent":1156,"menu_order":10,"comment_status":"open","ping_status":"closed","template":"","meta":{"footnotes":""},"class_list":["post-135","page","type-page","status-publish","hentry"],"_links":{"self":[{"href":"https:\/\/www.sozialpartner.at\/index.php?rest_route=\/wp\/v2\/pages\/135","targetHints":{"allow":["GET"]}}],"collection":[{"href":"https:\/\/www.sozialpartner.at\/index.php?rest_route=\/wp\/v2\/pages"}],"about":[{"href":"https:\/\/www.sozialpartner.at\/index.php?rest_route=\/wp\/v2\/types\/page"}],"author":[{"embeddable":true,"href":"https:\/\/www.sozialpartner.at\/index.php?rest_route=\/wp\/v2\/users\/1"}],"replies":[{"embeddable":true,"href":"https:\/\/www.sozialpartner.at\/index.php?rest_route=%2Fwp%2Fv2%2Fcomments&post=135"}],"version-history":[{"count":4,"href":"https:\/\/www.sozialpartner.at\/index.php?rest_route=\/wp\/v2\/pages\/135\/revisions"}],"predecessor-version":[{"id":4318,"href":"https:\/\/www.sozialpartner.at\/index.php?rest_route=\/wp\/v2\/pages\/135\/revisions\/4318"}],"up":[{"embeddable":true,"href":"https:\/\/www.sozialpartner.at\/index.php?rest_route=\/wp\/v2\/pages\/1156"}],"wp:attachment":[{"href":"https:\/\/www.sozialpartner.at\/index.php?rest_route=%2Fwp%2Fv2%2Fmedia&parent=135"}],"curies":[{"name":"wp","href":"https:\/\/api.w.org\/{rel}","templated":true}]}}