
{"id":1580,"date":"2015-08-28T15:04:04","date_gmt":"2015-08-28T15:04:04","guid":{"rendered":"http:\/\/socialpartner.linuxgood.kraftwerk.co.at\/wordpress\/?page_id=1580"},"modified":"2015-10-01T11:52:34","modified_gmt":"2015-10-01T11:52:34","slug":"dialog-2006","status":"publish","type":"page","link":"https:\/\/www.sozialpartner.at\/?page_id=1580","title":{"rendered":"2006"},"content":{"rendered":"<div class=\"wpb-content-wrapper\"><p>[vc_row css=&#8220;.vc_custom_1437127908811{padding-top: 50px !important;padding-bottom: 30px !important;}&#8220;][vc_column width=&#8220;2\/12&#8243;][vc_column_text]<br \/>\n[\/vc_column_text][\/vc_column][vc_column width=&#8220;3\/12&#8243;]<div class=\"sp-boxed-side-navigation\">\r\n             <div class=\"sp-navigation-header\">\r\n                <a href=\"#\">Bad Ischler Dialog<\/a>\r\n             <\/div>\r\n             <div class=\"sp-navigation-content\">\r\n                <ul><li><a href=\"https:\/\/www.sozialpartner.at\/?page_id=4024\">2016<\/a><\/li><li><a href=\"https:\/\/www.sozialpartner.at\/?page_id=145\">2015<\/a><\/li><li><a href=\"https:\/\/www.sozialpartner.at\/?page_id=1055\">2014<\/a><\/li><li><a href=\"https:\/\/www.sozialpartner.at\/?page_id=1057\">2013<\/a><\/li><li><a href=\"https:\/\/www.sozialpartner.at\/?page_id=1060\">2012<\/a><\/li><li><a href=\"https:\/\/www.sozialpartner.at\/?page_id=1569\">2011<\/a><\/li><li><a href=\"https:\/\/www.sozialpartner.at\/?page_id=1571\">2010<\/a><\/li><li><a href=\"https:\/\/www.sozialpartner.at\/?page_id=1574\">2009<\/a><\/li><li><a href=\"https:\/\/www.sozialpartner.at\/?page_id=1576\">2008<\/a><\/li><li><a href=\"https:\/\/www.sozialpartner.at\/?page_id=1578\">2007<\/a><\/li><li class=\"curent-page-item\"><a href=\"https:\/\/www.sozialpartner.at\/?page_id=1580\">2006<\/a><\/li><\/ul>\r\n             <\/div>\r\n          <\/div>[\/vc_column][vc_column width=&#8220;5\/12&#8243;][vc_custom_heading text=&#8220;06.09.2006 &#8211; 07.09.2006&#8243; font_container=&#8220;tag:h4|text_align:left&#8220; use_theme_fonts=&#8220;yes&#8220; css=&#8220;.vc_custom_1441272746791{padding-top: 3px !important;}&#8220;][vc_custom_heading text=&#8220;Bad Ischler Deklaration 2006&#8243; font_container=&#8220;tag:h3|font_size:22px|text_align:left|line_height:40px&#8220; use_theme_fonts=&#8220;yes&#8220;][vc_empty_space height=&#8220;20&#8243;][vc_column_text el_class=&#8220;sp-test&#8220; css=&#8220;.vc_custom_1443698851950{margin-top: -17px !important;}&#8220;]<\/p>\n<p style=\"font-size: 16px; line-height: 28px; font-weight: 300;\">Der Bad Ischler Dialog wurde im Jahr 2006 ins Leben gerufen und ist die zentrale Gro\u00dfveranstaltung der \u00f6sterreichischen Sozialpartner.<br \/>\nZielsetzung des Bad Ischler Dialogs ist es, auf zukunftsweisende Themen aufmerksam zu machen, gemeinsame Positionen der \u00f6sterreichischen Sozialpartner zu erstellen und diese an die Spitzen der \u00f6sterreichischen Bundesregierung zu kommunizieren und mit ihnen zu diskutieren.<\/p>\n<p>[\/vc_column_text][\/vc_column][vc_column width=&#8220;2\/12&#8243;][vc_column_text]<br \/>\n[\/vc_column_text][\/vc_column][\/vc_row][vc_row][vc_column width=&#8220;2\/12&#8243;][vc_column_text]<br \/>\n[\/vc_column_text][\/vc_column][vc_column width=&#8220;8\/12&#8243;][vc_single_image image=&#8220;246&#8243; img_size=&#8220;full&#8220; alignment=&#8220;center&#8220; css=&#8220;.vc_custom_1437127900419{padding-top: 30px !important;padding-bottom: 30px !important;}&#8220;][\/vc_column][vc_column width=&#8220;2\/12&#8243;][vc_column_text]<br \/>\n[\/vc_column_text][\/vc_column][\/vc_row][vc_row css=&#8220;.vc_custom_1440765593240{padding-top: 0px !important;}&#8220;][vc_column width=&#8220;2\/12&#8243;][vc_column_text]<br \/>\n[\/vc_column_text][\/vc_column][vc_column width=&#8220;8\/12&#8243;]<section class=\"sp-content-section\">\r\n               <div class=\"sp-publications-element sp-publications-red\">\r\n                  <div class=\"sp-publications-header\">\r\n                     <div>Unterlagen<\/div>\r\n                  <\/div>\r\n                  <div class=\"sp-publications-body\">\r\n                     <div class=\"sp-publications-body-header\">\r\n                        <div class=\"row\">\r\n                           <div class=\"col-md-6 col-md-offset-6\">\r\n                              <div class=\"sp-publications-subline\"><\/div>\r\n                           <\/div>\r\n                           <div class=\"clearfix\"><\/div>\r\n                        <\/div>\r\n                     <\/div>\r\n                     <div class=\"sp-publications-body-content\">\r\n                        <div class=\"row\">\r\n                           <div class=\"col-md-6\">\r\n                              <div class=\"sp-image-wrapper\">\r\n                                 <img decoding=\"async\" src=\"https:\/\/www.sozialpartner.at\/wp-content\/uploads\/2015\/07\/file.png\" alt=\"\" \/>\r\n                              <\/div>\r\n                           <\/div>\r\n                           <div class=\"col-md-6\"><div class=\"mCustomScrollbar \" data-mcs-theme=\"dark\">\r\n                                 <ul class=\"sp-download-list\"><li>\r\n                                          <div class=\"row\">\r\n                                            <div class=\"col-md-9\">\r\n                                               <p>Das Europ\u00e4ische Sozialmodell<\/p>\r\n                                            <\/div>\r\n                                            <div class=\"col-md-3 sp-publications-download-link\">\r\n                                               <a href=\"https:\/\/www.sozialpartner.at\/wp-content\/uploads\/2015\/08\/prisching_europa_2006-09-07.pdf\" target=\"_blank\"><i class=\"fa fa-cloud-download\"><\/i><\/a>\r\n                                            <\/div>\r\n                                            <div class=\"clearfix\"><\/div>\r\n                                          <\/div>\r\n                                        <\/li><li>\r\n                                          <div class=\"row\">\r\n                                            <div class=\"col-md-9\">\r\n                                               <p>Gro\u00dfbritannien: Nationale Auspr\u00e4gungen des europ\u00e4ischen Sozialmodells<\/p>\r\n                                            <\/div>\r\n                                            <div class=\"col-md-3 sp-publications-download-link\">\r\n                                               <a href=\"https:\/\/www.sozialpartner.at\/wp-content\/uploads\/2015\/08\/mueller_m_sozialmodell_gro\u00dfbritannien_2006-09-07.pdf\" target=\"_blank\"><i class=\"fa fa-cloud-download\"><\/i><\/a>\r\n                                            <\/div>\r\n                                            <div class=\"clearfix\"><\/div>\r\n                                          <\/div>\r\n                                        <\/li><li>\r\n                                          <div class=\"row\">\r\n                                            <div class=\"col-md-9\">\r\n                                               <p>Das Franz\u00f6sische Sozialmodell<\/p>\r\n                                            <\/div>\r\n                                            <div class=\"col-md-3 sp-publications-download-link\">\r\n                                               <a href=\"https:\/\/www.sozialpartner.at\/wp-content\/uploads\/2015\/08\/binswanger_sozialmodell_frankreich_2006_09_07.pdf\" target=\"_blank\"><i class=\"fa fa-cloud-download\"><\/i><\/a>\r\n                                            <\/div>\r\n                                            <div class=\"clearfix\"><\/div>\r\n                                          <\/div>\r\n                                        <\/li><li>\r\n                                          <div class=\"row\">\r\n                                            <div class=\"col-md-9\">\r\n                                               <p>Das skandinavische Modell. Vorbild f\u00fcr Europa?<\/p>\r\n                                            <\/div>\r\n                                            <div class=\"col-md-3 sp-publications-download-link\">\r\n                                               <a href=\"https:\/\/www.sozialpartner.at\/wp-content\/uploads\/2015\/08\/becker_u_skandinavien_2006-09-07.pdf\" target=\"_blank\"><i class=\"fa fa-cloud-download\"><\/i><\/a>\r\n                                            <\/div>\r\n                                            <div class=\"clearfix\"><\/div>\r\n                                          <\/div>\r\n                                        <\/li><li>\r\n                                          <div class=\"row\">\r\n                                            <div class=\"col-md-9\">\r\n                                               <p>Das Europ\u00e4ische sozio\u00f6konomische Modell<\/p>\r\n                                            <\/div>\r\n                                            <div class=\"col-md-3 sp-publications-download-link\">\r\n                                               <a href=\"https:\/\/www.sozialpartner.at\/wp-content\/uploads\/2015\/08\/aiginger_eu-modell_badischl_2006.pdf\" target=\"_blank\"><i class=\"fa fa-cloud-download\"><\/i><\/a>\r\n                                            <\/div>\r\n                                            <div class=\"clearfix\"><\/div>\r\n                                          <\/div>\r\n                                        <\/li><li>\r\n                                          <div class=\"row\">\r\n                                            <div class=\"col-md-9\">\r\n                                               <p>Austria 2016 - Deklaration der Sozialpartner<\/p>\r\n                                            <\/div>\r\n                                            <div class=\"col-md-3 sp-publications-download-link\">\r\n                                               <a href=\"https:\/\/www.sozialpartner.at\/wp-content\/uploads\/2015\/08\/BadIschlDeklaration_2006_09_05.pdf\" target=\"_blank\"><i class=\"fa fa-cloud-download\"><\/i><\/a>\r\n                                            <\/div>\r\n                                            <div class=\"clearfix\"><\/div>\r\n                                          <\/div>\r\n                                        <\/li> <\/ul>\r\n                              <\/div>\r\n                           <\/div>\r\n                           <div class=\"clearfix\"><\/div>\r\n                        <\/div>\r\n                     <\/div>\r\n                  <\/div>  <\/div>\r\n            <\/section>[\/vc_column][vc_column width=&#8220;2\/12&#8243;][vc_column_text]<br \/>\n[\/vc_column_text][\/vc_column][\/vc_row][vc_row css=&#8220;.vc_custom_1440765593240{padding-top: 0px !important;}&#8220;][vc_column width=&#8220;2\/12&#8243;][vc_column_text]<br \/>\n[\/vc_column_text][\/vc_column][vc_column width=&#8220;8\/12&#8243;]<section class=\"sp-content-section\">\r\n               <div class=\"sp-link-list-element\">\r\n                  <div class=\"sp-link-list-header\"><div>Links<\/div><\/div>\r\n                  <div class=\"sp-link-list-content\"><div class=\"sp-single-link\">\r\n              <img decoding=\"async\" src=\"https:\/\/www.sozialpartner.at\/wp-content\/themes\/tema\/images\/assets\/link.png\" alt=\"\" \/>\r\n              <a href=\"http:\/\/www.kongresshaus.badischl.at\/\" target=\"_blank\">Kongresshaus Bad Ischl<\/a>\r\n           <\/div><\/div>\r\n               <\/div>\r\n            <\/section>[\/vc_column][vc_column width=&#8220;2\/12&#8243;][vc_column_text]<br \/>\n[\/vc_column_text][\/vc_column][\/vc_row]<\/p>\n<\/div>","protected":false},"excerpt":{"rendered":"<p>[vc_row css=&#8220;.vc_custom_1437127908811{padding-top: 50px !important;padding-bottom: 30px !important;}&#8220;][vc_column width=&#8220;2\/12&#8243;][vc_column_text] [\/vc_column_text][\/vc_column][vc_column width=&#8220;3\/12&#8243;][\/vc_column][vc_column width=&#8220;5\/12&#8243;][vc_custom_heading text=&#8220;06.09.2006 &#8211; 07.09.2006&#8243; font_container=&#8220;tag:h4|text_align:left&#8220; use_theme_fonts=&#8220;yes&#8220; css=&#8220;.vc_custom_1441272746791{padding-top: 3px !important;}&#8220;][vc_custom_heading text=&#8220;Bad Ischler Deklaration 2006&#8243; font_container=&#8220;tag:h3|font_size:22px|text_align:left|line_height:40px&#8220; use_theme_fonts=&#8220;yes&#8220;][vc_empty_space height=&#8220;20&#8243;][vc_column_text el_class=&#8220;sp-test&#8220; css=&#8220;.vc_custom_1443698851950{margin-top: -17px !important;}&#8220;] Der Bad Ischler Dialog wurde im Jahr 2006 ins Leben gerufen und ist die zentrale Gro\u00dfveranstaltung der \u00f6sterreichischen Sozialpartner. Zielsetzung des Bad Ischler Dialogs ist es, [&hellip;]<\/p>\n","protected":false},"author":1,"featured_media":0,"parent":1158,"menu_order":110,"comment_status":"closed","ping_status":"closed","template":"","meta":{"footnotes":""},"class_list":["post-1580","page","type-page","status-publish","hentry"],"_links":{"self":[{"href":"https:\/\/www.sozialpartner.at\/index.php?rest_route=\/wp\/v2\/pages\/1580","targetHints":{"allow":["GET"]}}],"collection":[{"href":"https:\/\/www.sozialpartner.at\/index.php?rest_route=\/wp\/v2\/pages"}],"about":[{"href":"https:\/\/www.sozialpartner.at\/index.php?rest_route=\/wp\/v2\/types\/page"}],"author":[{"embeddable":true,"href":"https:\/\/www.sozialpartner.at\/index.php?rest_route=\/wp\/v2\/users\/1"}],"replies":[{"embeddable":true,"href":"https:\/\/www.sozialpartner.at\/index.php?rest_route=%2Fwp%2Fv2%2Fcomments&post=1580"}],"version-history":[{"count":0,"href":"https:\/\/www.sozialpartner.at\/index.php?rest_route=\/wp\/v2\/pages\/1580\/revisions"}],"up":[{"embeddable":true,"href":"https:\/\/www.sozialpartner.at\/index.php?rest_route=\/wp\/v2\/pages\/1158"}],"wp:attachment":[{"href":"https:\/\/www.sozialpartner.at\/index.php?rest_route=%2Fwp%2Fv2%2Fmedia&parent=1580"}],"curies":[{"name":"wp","href":"https:\/\/api.w.org\/{rel}","templated":true}]}}

<div class="wpb-content-wrapper"><p>[vc_row css=&#8220;.vc_custom_1437127908811{padding-top: 50px !important;padding-bottom: 30px !important;}&#8220;][vc_column width=&#8220;2/12&#8243;][vc_column_text]<br />
[/vc_column_text][/vc_column][vc_column width=&#8220;3/12&#8243;]<div class="sp-boxed-side-navigation">
             <div class="sp-navigation-header">
                <a href="#">Bad Ischler Dialog</a>
             </div>
             <div class="sp-navigation-content">
                <ul><li><a href="https://www.sozialpartner.at/?page_id=4024">2016</a></li><li><a href="https://www.sozialpartner.at/?page_id=145">2015</a></li><li><a href="https://www.sozialpartner.at/?page_id=1055">2014</a></li><li><a href="https://www.sozialpartner.at/?page_id=1057">2013</a></li><li><a href="https://www.sozialpartner.at/?page_id=1060">2012</a></li><li><a href="https://www.sozialpartner.at/?page_id=1569">2011</a></li><li><a href="https://www.sozialpartner.at/?page_id=1571">2010</a></li><li><a href="https://www.sozialpartner.at/?page_id=1574">2009</a></li><li><a href="https://www.sozialpartner.at/?page_id=1576">2008</a></li><li><a href="https://www.sozialpartner.at/?page_id=1578">2007</a></li><li class="curent-page-item"><a href="https://www.sozialpartner.at/?page_id=1580">2006</a></li></ul>
             </div>
          </div>[/vc_column][vc_column width=&#8220;5/12&#8243;][vc_custom_heading text=&#8220;06.09.2006 &#8211; 07.09.2006&#8243; font_container=&#8220;tag:h4|text_align:left&#8220; use_theme_fonts=&#8220;yes&#8220; css=&#8220;.vc_custom_1441272746791{padding-top: 3px !important;}&#8220;][vc_custom_heading text=&#8220;Bad Ischler Deklaration 2006&#8243; font_container=&#8220;tag:h3|font_size:22px|text_align:left|line_height:40px&#8220; use_theme_fonts=&#8220;yes&#8220;][vc_empty_space height=&#8220;20&#8243;][vc_column_text el_class=&#8220;sp-test&#8220; css=&#8220;.vc_custom_1443698851950{margin-top: -17px !important;}&#8220;]</p>
<p style="font-size: 16px; line-height: 28px; font-weight: 300;">Der Bad Ischler Dialog wurde im Jahr 2006 ins Leben gerufen und ist die zentrale Großveranstaltung der österreichischen Sozialpartner.<br />
Zielsetzung des Bad Ischler Dialogs ist es, auf zukunftsweisende Themen aufmerksam zu machen, gemeinsame Positionen der österreichischen Sozialpartner zu erstellen und diese an die Spitzen der österreichischen Bundesregierung zu kommunizieren und mit ihnen zu diskutieren.</p>
<p>[/vc_column_text][/vc_column][vc_column width=&#8220;2/12&#8243;][vc_column_text]<br />
[/vc_column_text][/vc_column][/vc_row][vc_row][vc_column width=&#8220;2/12&#8243;][vc_column_text]<br />
[/vc_column_text][/vc_column][vc_column width=&#8220;8/12&#8243;][vc_single_image image=&#8220;246&#8243; img_size=&#8220;full&#8220; alignment=&#8220;center&#8220; css=&#8220;.vc_custom_1437127900419{padding-top: 30px !important;padding-bottom: 30px !important;}&#8220;][/vc_column][vc_column width=&#8220;2/12&#8243;][vc_column_text]<br />
[/vc_column_text][/vc_column][/vc_row][vc_row css=&#8220;.vc_custom_1440765593240{padding-top: 0px !important;}&#8220;][vc_column width=&#8220;2/12&#8243;][vc_column_text]<br />
[/vc_column_text][/vc_column][vc_column width=&#8220;8/12&#8243;]<section class="sp-content-section">
               <div class="sp-publications-element sp-publications-red">
                  <div class="sp-publications-header">
                     <div>Unterlagen</div>
                  </div>
                  <div class="sp-publications-body">
                     <div class="sp-publications-body-header">
                        <div class="row">
                           <div class="col-md-6 col-md-offset-6">
                              <div class="sp-publications-subline"></div>
                           </div>
                           <div class="clearfix"></div>
                        </div>
                     </div>
                     <div class="sp-publications-body-content">
                        <div class="row">
                           <div class="col-md-6">
                              <div class="sp-image-wrapper">
                                 <img decoding="async" src="https://www.sozialpartner.at/wp-content/uploads/2015/07/file.png" alt="" />
                              </div>
                           </div>
                           <div class="col-md-6"><div class="mCustomScrollbar " data-mcs-theme="dark">
                                 <ul class="sp-download-list"><li>
                                          <div class="row">
                                            <div class="col-md-9">
                                               <p>Das Europäische Sozialmodell</p>
                                            </div>
                                            <div class="col-md-3 sp-publications-download-link">
                                               <a href="https://www.sozialpartner.at/wp-content/uploads/2015/08/prisching_europa_2006-09-07.pdf" target="_blank"><i class="fa fa-cloud-download"></i></a>
                                            </div>
                                            <div class="clearfix"></div>
                                          </div>
                                        </li><li>
                                          <div class="row">
                                            <div class="col-md-9">
                                               <p>Großbritannien: Nationale Ausprägungen des europäischen Sozialmodells</p>
                                            </div>
                                            <div class="col-md-3 sp-publications-download-link">
                                               <a href="https://www.sozialpartner.at/wp-content/uploads/2015/08/mueller_m_sozialmodell_großbritannien_2006-09-07.pdf" target="_blank"><i class="fa fa-cloud-download"></i></a>
                                            </div>
                                            <div class="clearfix"></div>
                                          </div>
                                        </li><li>
                                          <div class="row">
                                            <div class="col-md-9">
                                               <p>Das Französische Sozialmodell</p>
                                            </div>
                                            <div class="col-md-3 sp-publications-download-link">
                                               <a href="https://www.sozialpartner.at/wp-content/uploads/2015/08/binswanger_sozialmodell_frankreich_2006_09_07.pdf" target="_blank"><i class="fa fa-cloud-download"></i></a>
                                            </div>
                                            <div class="clearfix"></div>
                                          </div>
                                        </li><li>
                                          <div class="row">
                                            <div class="col-md-9">
                                               <p>Das skandinavische Modell. Vorbild für Europa?</p>
                                            </div>
                                            <div class="col-md-3 sp-publications-download-link">
                                               <a href="https://www.sozialpartner.at/wp-content/uploads/2015/08/becker_u_skandinavien_2006-09-07.pdf" target="_blank"><i class="fa fa-cloud-download"></i></a>
                                            </div>
                                            <div class="clearfix"></div>
                                          </div>
                                        </li><li>
                                          <div class="row">
                                            <div class="col-md-9">
                                               <p>Das Europäische sozioökonomische Modell</p>
                                            </div>
                                            <div class="col-md-3 sp-publications-download-link">
                                               <a href="https://www.sozialpartner.at/wp-content/uploads/2015/08/aiginger_eu-modell_badischl_2006.pdf" target="_blank"><i class="fa fa-cloud-download"></i></a>
                                            </div>
                                            <div class="clearfix"></div>
                                          </div>
                                        </li><li>
                                          <div class="row">
                                            <div class="col-md-9">
                                               <p>Austria 2016 - Deklaration der Sozialpartner</p>
                                            </div>
                                            <div class="col-md-3 sp-publications-download-link">
                                               <a href="https://www.sozialpartner.at/wp-content/uploads/2015/08/BadIschlDeklaration_2006_09_05.pdf" target="_blank"><i class="fa fa-cloud-download"></i></a>
                                            </div>
                                            <div class="clearfix"></div>
                                          </div>
                                        </li> </ul>
                              </div>
                           </div>
                           <div class="clearfix"></div>
                        </div>
                     </div>
                  </div>  </div>
            </section>[/vc_column][vc_column width=&#8220;2/12&#8243;][vc_column_text]<br />
[/vc_column_text][/vc_column][/vc_row][vc_row css=&#8220;.vc_custom_1440765593240{padding-top: 0px !important;}&#8220;][vc_column width=&#8220;2/12&#8243;][vc_column_text]<br />
[/vc_column_text][/vc_column][vc_column width=&#8220;8/12&#8243;]<section class="sp-content-section">
               <div class="sp-link-list-element">
                  <div class="sp-link-list-header"><div>Links</div></div>
                  <div class="sp-link-list-content"><div class="sp-single-link">
              <img decoding="async" src="https://www.sozialpartner.at/wp-content/themes/tema/images/assets/link.png" alt="" />
              <a href="http://www.kongresshaus.badischl.at/" target="_blank">Kongresshaus Bad Ischl</a>
           </div></div>
               </div>
            </section>[/vc_column][vc_column width=&#8220;2/12&#8243;][vc_column_text]<br />
[/vc_column_text][/vc_column][/vc_row]</p>
</div>

<p>[vc_row css=&#8220;.vc_custom_1437127908811{padding-top: 50px !important;padding-bottom: 30px !important;}&#8220;][vc_column width=&#8220;2/12&#8243;][vc_column_text] [/vc_column_text][/vc_column][vc_column width=&#8220;3/12&#8243;][/vc_column][vc_column width=&#8220;5/12&#8243;][vc_custom_heading text=&#8220;06.09.2006 &#8211; 07.09.2006&#8243; font_container=&#8220;tag:h4|text_align:left&#8220; use_theme_fonts=&#8220;yes&#8220; css=&#8220;.vc_custom_1441272746791{padding-top: 3px !important;}&#8220;][vc_custom_heading text=&#8220;Bad Ischler Deklaration 2006&#8243; font_container=&#8220;tag:h3|font_size:22px|text_align:left|line_height:40px&#8220; use_theme_fonts=&#8220;yes&#8220;][vc_empty_space height=&#8220;20&#8243;][vc_column_text el_class=&#8220;sp-test&#8220; css=&#8220;.vc_custom_1443698851950{margin-top: -17px !important;}&#8220;] Der Bad Ischler Dialog wurde im Jahr 2006 ins Leben gerufen und ist die zentrale Großveranstaltung der österreichischen Sozialpartner. Zielsetzung des Bad Ischler Dialogs ist es, [&hellip;]</p>
