
{"id":2421,"date":"2015-09-01T13:35:42","date_gmt":"2015-09-01T13:35:42","guid":{"rendered":"http:\/\/socialpartner.linuxgood.kraftwerk.co.at\/wordpress\/?page_id=2421"},"modified":"2015-10-01T09:33:08","modified_gmt":"2015-10-01T09:33:08","slug":"enquete-der-sozialpartner-2012","status":"publish","type":"page","link":"https:\/\/www.sozialpartner.at\/?page_id=2421","title":{"rendered":"Enquete der Sozialpartner 2012"},"content":{"rendered":"<div class=\"wpb-content-wrapper\"><p>[vc_row css=&#8220;.vc_custom_1437127908811{padding-top: 50px !important;padding-bottom: 30px !important;}&#8220;][vc_column width=&#8220;2\/12&#8243;][vc_column_text]<br \/>\n[\/vc_column_text][\/vc_column][vc_column width=&#8220;3\/12&#8243;]<div class=\"sp-boxed-side-navigation\">\r\n             <div class=\"sp-navigation-header\">\r\n                <a href=\"#\">Sonstige Veranstaltungen<\/a>\r\n             <\/div>\r\n             <div class=\"sp-navigation-content\">\r\n                <ul><li><a href=\"https:\/\/www.sozialpartner.at\/?page_id=4759\">Veranstaltung 2018<\/a><\/li><li><a href=\"https:\/\/www.sozialpartner.at\/?page_id=4341\">Enquete 2017<\/a><\/li><li><a href=\"https:\/\/www.sozialpartner.at\/?page_id=1582\">Tagung des Beirats 2014<\/a><\/li><li><a href=\"https:\/\/www.sozialpartner.at\/?page_id=2407\">Enquete des Beirats 2012<\/a><\/li><li class=\"curent-page-item\"><a href=\"https:\/\/www.sozialpartner.at\/?page_id=2421\">Enquete der Sozialpartner 2012<\/a><\/li><\/ul>\r\n             <\/div>\r\n          <\/div>[\/vc_column][vc_column width=&#8220;5\/12&#8243;][vc_custom_heading text=&#8220;21.05.2012&#8243; font_container=&#8220;tag:h4|text_align:left&#8220; use_theme_fonts=&#8220;yes&#8220; css=&#8220;.vc_custom_1441272976291{padding-top: 3px !important;}&#8220;][vc_custom_heading text=&#8220;Migration \u2013 Integration&#8220; font_container=&#8220;tag:h3|font_size:22px|text_align:left|line_height:40px&#8220; use_theme_fonts=&#8220;yes&#8220;][vc_empty_space height=&#8220;20&#8243;][vc_column_text el_class=&#8220;sp-test&#8220; css=&#8220;.vc_custom_1441124608084{margin-top: -17px !important;}&#8220;]<\/p>\n<p style=\"font-size: 16px; line-height: 28px; font-weight: 300;\">Die \u00f6sterreichischen Sozialpartner haben in der Studie Migration und Integration die vier Teilbereiche Integrationsbegleitung, Bildung, Arbeitsmarkt und Migration n\u00e4her beleuchtet.<br \/>\nIm Rahmen der Enquete werden nun weitere wesentliche Empfehlungen und Best-Practice-Beispiele der Sozialpartner im Bereich Migration und Integration pr\u00e4sentiert.<\/p>\n<p>[\/vc_column_text][\/vc_column][vc_column width=&#8220;2\/12&#8243;][vc_column_text]<br \/>\n[\/vc_column_text][\/vc_column][\/vc_row][vc_row][vc_column width=&#8220;2\/12&#8243;][vc_column_text]<br \/>\n[\/vc_column_text][\/vc_column][vc_column width=&#8220;8\/12&#8243;][vc_single_image image=&#8220;246&#8243; img_size=&#8220;full&#8220; alignment=&#8220;center&#8220; css=&#8220;.vc_custom_1437127900419{padding-top: 30px !important;padding-bottom: 30px !important;}&#8220;][\/vc_column][vc_column width=&#8220;2\/12&#8243;][vc_column_text]<br \/>\n[\/vc_column_text][\/vc_column][\/vc_row][vc_row css=&#8220;.vc_custom_1441180380380{padding-top: 10px !important;}&#8220;][vc_column width=&#8220;2\/12&#8243; el_class=&#8220;sp-expandable-tabs-wrapper&#8220;][vc_column_text]<br \/>\n[\/vc_column_text][\/vc_column][vc_column width=&#8220;8\/12&#8243; el_class=&#8220;sp-expandable-tabs-wrapper&#8220;][vc_tta_tabs active_section=&#8220;1&#8243;][vc_tta_section title=&#8220;Programm Montag 21.05.2012&#8243; tab_id=&#8220;1436982932325-8ee59503-2674c213-c3eef9bd-0956f52b-365fdea7-8ed0&#8243;][vc_row_inner css=&#8220;.vc_custom_1441273649582{padding-bottom: 10px !important;}&#8220;][vc_column_inner][vc_custom_heading text=&#8220;Wirtschaftskammer \u00d6sterreich &#8211; WKO Sky Lounge&#8220; font_container=&#8220;tag:h3|text_align:left|color:%23c01b15&#8243; use_theme_fonts=&#8220;yes&#8220;][\/vc_column_inner][\/vc_row_inner][vc_row_inner][vc_column_inner width=&#8220;1\/3&#8243;][vc_column_text]<\/p>\n<p><strong>09:00 Uhr<\/strong><\/p>\n<p>[\/vc_column_text][\/vc_column_inner][vc_column_inner width=&#8220;2\/3&#8243;][vc_column_text]<strong>Begr\u00fc\u00dfung<\/strong><br \/>\nDr. Christoph Leitl, Pr\u00e4sident der Wirtschaftskammer \u00d6sterreich[\/vc_column_text][\/vc_column_inner][\/vc_row_inner][vc_row_inner][vc_column_inner][vc_separator][\/vc_column_inner][\/vc_row_inner][vc_row_inner][vc_column_inner width=&#8220;1\/3&#8243;][vc_column_text]<\/p>\n<p><strong>09:10 Uhr<\/strong><\/p>\n<p>[\/vc_column_text][\/vc_column_inner][vc_column_inner width=&#8220;2\/3&#8243;][vc_column_text]<strong>Integration durch Leistung<br \/>\n<\/strong>Staatssekret\u00e4r Sebastian Kurz[\/vc_column_text][\/vc_column_inner][\/vc_row_inner][vc_row_inner][vc_column_inner][vc_separator][\/vc_column_inner][\/vc_row_inner][vc_row_inner][vc_column_inner width=&#8220;1\/3&#8243;][vc_column_text]<\/p>\n<p><strong>09:25 Uhr<\/strong><\/p>\n<p>[\/vc_column_text][\/vc_column_inner][vc_column_inner width=&#8220;2\/3&#8243;][vc_column_text]<\/p>\n<p><strong>Pr\u00e4sentation der Beiratsstudie Migration und Integration<\/strong><\/p>\n<p>[\/vc_column_text][\/vc_column_inner][\/vc_row_inner][vc_row_inner][vc_column_inner][vc_separator][\/vc_column_inner][\/vc_row_inner][vc_row_inner][vc_column_inner width=&#8220;1\/3&#8243;][vc_column_text]<\/p>\n<p><strong>10:10\u00a0Uhr<\/strong><\/p>\n<p>[\/vc_column_text][\/vc_column_inner][vc_column_inner width=&#8220;2\/3&#8243;][vc_column_text]<strong>Kommentar von Staatssekret\u00e4r Sebastian Kurz<\/strong><br \/>\ndanach Kaffeepause[\/vc_column_text][\/vc_column_inner][\/vc_row_inner][vc_row_inner][vc_column_inner][vc_separator][\/vc_column_inner][\/vc_row_inner][vc_row_inner][vc_column_inner width=&#8220;1\/3&#8243;][vc_column_text]<\/p>\n<p><strong>11:00\u00a0Uhr<\/strong><\/p>\n<p>[\/vc_column_text][\/vc_column_inner][vc_column_inner width=&#8220;2\/3&#8243;][vc_column_text]<strong>Makro\u00f6konomische Auswirkungen der Zuwanderung<\/strong><br \/>\nProf. Dr. Herbert Br\u00fccker (IAB)[\/vc_column_text][\/vc_column_inner][\/vc_row_inner][vc_row_inner][vc_column_inner][vc_separator][\/vc_column_inner][\/vc_row_inner][vc_row_inner][vc_column_inner width=&#8220;1\/3&#8243;][vc_column_text]<\/p>\n<p><strong>11:20 Uhr<\/strong><\/p>\n<p>[\/vc_column_text][\/vc_column_inner][vc_column_inner width=&#8220;2\/3&#8243;][vc_column_text]<strong>Effekte der Rot-Wei\u00df-Rot-Karte auf Wirtschaft und Arbeitsmarkt<\/strong><br \/>\nBundesminister Dr. Reinhold Mitterlehner[\/vc_column_text][\/vc_column_inner][\/vc_row_inner][vc_row_inner][vc_column_inner][vc_separator][\/vc_column_inner][\/vc_row_inner][vc_row_inner][vc_column_inner width=&#8220;1\/3&#8243;][vc_column_text]<\/p>\n<p><strong>11:35 Uhr<\/strong><\/p>\n<p>[\/vc_column_text][\/vc_column_inner][vc_column_inner width=&#8220;2\/3&#8243;][vc_column_text]<strong>N\u00e4chste Handlungsfelder im Bereich Migration-Integration<\/strong><br \/>\n<strong>Podiumsdiskussion der Sozialpartner-Pr\u00e4sidenten<\/strong><br \/>\nDr. Christoph Leitl, Pr\u00e4sident der WK\u00d6<br \/>\n\u00d6kR Gerhard Wlodkowski, Pr\u00e4sident der LK\u00d6<br \/>\nErich Foglar, Pr\u00e4sident des \u00d6GB<br \/>\nHerbert Tumpel, Pr\u00e4sident der AK<br \/>\n<em>Moderation:<\/em> Mag. Amela Mirkovic[\/vc_column_text][\/vc_column_inner][\/vc_row_inner][vc_row_inner][vc_column_inner][vc_separator][\/vc_column_inner][\/vc_row_inner][vc_row_inner][vc_column_inner width=&#8220;1\/3&#8243;][vc_column_text]<\/p>\n<p><strong>13:00\u00a0Uhr<\/strong><\/p>\n<p>[\/vc_column_text][\/vc_column_inner][vc_column_inner width=&#8220;2\/3&#8243;][vc_column_text]<strong>Ende der Veranstaltung<\/strong><br \/>\nIm Anschluss laden wir zum Buffet[\/vc_column_text][\/vc_column_inner][\/vc_row_inner][\/vc_tta_section][\/vc_tta_tabs][\/vc_column][vc_column width=&#8220;2\/12&#8243;][vc_column_text]<br \/>\n[\/vc_column_text][\/vc_column][\/vc_row][vc_row css=&#8220;.vc_custom_1440765543182{padding-top: -30px !important;}&#8220;][vc_column width=&#8220;2\/12&#8243;][vc_column_text]<br \/>\n[\/vc_column_text][\/vc_column][vc_column width=&#8220;8\/12&#8243;][vc_single_image image=&#8220;246&#8243; img_size=&#8220;full&#8220; alignment=&#8220;center&#8220; css=&#8220;.vc_custom_1440765796618{padding-top: 0px !important;padding-bottom: 30px !important;}&#8220;][\/vc_column][vc_column width=&#8220;2\/12&#8243;][vc_column_text]<br \/>\n[\/vc_column_text][\/vc_column][\/vc_row][vc_row css=&#8220;.vc_custom_1440765593240{padding-top: 0px !important;}&#8220;][vc_column width=&#8220;2\/12&#8243;][vc_column_text]<br \/>\n[\/vc_column_text][\/vc_column][vc_column width=&#8220;8\/12&#8243;]<section class=\"sp-content-section\">\r\n               <div class=\"sp-publications-element sp-publications-red\">\r\n                  <div class=\"sp-publications-header\">\r\n                     <div>Unterlagen<\/div>\r\n                  <\/div>\r\n                  <div class=\"sp-publications-body\">\r\n                     <div class=\"sp-publications-body-header\">\r\n                        <div class=\"row\">\r\n                           <div class=\"col-md-6 col-md-offset-6\">\r\n                              <div class=\"sp-publications-subline\">Bezeichnung<\/div>\r\n                           <\/div>\r\n                           <div class=\"clearfix\"><\/div>\r\n                        <\/div>\r\n                     <\/div>\r\n                     <div class=\"sp-publications-body-content\">\r\n                        <div class=\"row\">\r\n                           <div class=\"col-md-6\">\r\n                              <div class=\"sp-image-wrapper\">\r\n                                 <img decoding=\"async\" src=\"https:\/\/www.sozialpartner.at\/wp-content\/uploads\/2015\/07\/file.png\" alt=\"\" \/>\r\n                              <\/div>\r\n                           <\/div>\r\n                           <div class=\"col-md-6\"><div class=\"mCustomScrollbar \" data-mcs-theme=\"dark\">\r\n                                 <ul class=\"sp-download-list\"><li>\r\n                                          <div class=\"row\">\r\n                                            <div class=\"col-md-9\">\r\n                                               <p>Sozialpartner-Enquete 2012 - Einladung<\/p>\r\n                                            <\/div>\r\n                                            <div class=\"col-md-3 sp-publications-download-link\">\r\n                                               <a href=\"https:\/\/www.sozialpartner.at\/wp-content\/uploads\/2015\/08\/Einladung-Sozialpartner-Enquete-Migration-Integration-21.5.2012.pdf\" target=\"_blank\"><i class=\"fa fa-cloud-download\"><\/i><\/a>\r\n                                            <\/div>\r\n                                            <div class=\"clearfix\"><\/div>\r\n                                          <\/div>\r\n                                        <\/li> <\/ul>\r\n                              <\/div>\r\n                           <\/div>\r\n                           <div class=\"clearfix\"><\/div>\r\n                        <\/div>\r\n                     <\/div>\r\n                  <\/div>  <\/div>\r\n            <\/section>[\/vc_column][vc_column width=&#8220;2\/12&#8243;][vc_column_text]<br \/>\n[\/vc_column_text][\/vc_column][\/vc_row]<\/p>\n<\/div>","protected":false},"excerpt":{"rendered":"<p>[vc_row css=&#8220;.vc_custom_1437127908811{padding-top: 50px !important;padding-bottom: 30px !important;}&#8220;][vc_column width=&#8220;2\/12&#8243;][vc_column_text] [\/vc_column_text][\/vc_column][vc_column width=&#8220;3\/12&#8243;][\/vc_column][vc_column width=&#8220;5\/12&#8243;][vc_custom_heading text=&#8220;21.05.2012&#8243; font_container=&#8220;tag:h4|text_align:left&#8220; use_theme_fonts=&#8220;yes&#8220; css=&#8220;.vc_custom_1441272976291{padding-top: 3px !important;}&#8220;][vc_custom_heading text=&#8220;Migration \u2013 Integration&#8220; font_container=&#8220;tag:h3|font_size:22px|text_align:left|line_height:40px&#8220; use_theme_fonts=&#8220;yes&#8220;][vc_empty_space height=&#8220;20&#8243;][vc_column_text el_class=&#8220;sp-test&#8220; css=&#8220;.vc_custom_1441124608084{margin-top: -17px !important;}&#8220;] Die \u00f6sterreichischen Sozialpartner haben in der Studie Migration und Integration die vier Teilbereiche Integrationsbegleitung, Bildung, Arbeitsmarkt und Migration n\u00e4her beleuchtet. Im Rahmen der Enquete werden nun weitere wesentliche Empfehlungen [&hellip;]<\/p>\n","protected":false},"author":1,"featured_media":0,"parent":1062,"menu_order":30,"comment_status":"closed","ping_status":"closed","template":"","meta":{"footnotes":""},"class_list":["post-2421","page","type-page","status-publish","hentry"],"_links":{"self":[{"href":"https:\/\/www.sozialpartner.at\/index.php?rest_route=\/wp\/v2\/pages\/2421","targetHints":{"allow":["GET"]}}],"collection":[{"href":"https:\/\/www.sozialpartner.at\/index.php?rest_route=\/wp\/v2\/pages"}],"about":[{"href":"https:\/\/www.sozialpartner.at\/index.php?rest_route=\/wp\/v2\/types\/page"}],"author":[{"embeddable":true,"href":"https:\/\/www.sozialpartner.at\/index.php?rest_route=\/wp\/v2\/users\/1"}],"replies":[{"embeddable":true,"href":"https:\/\/www.sozialpartner.at\/index.php?rest_route=%2Fwp%2Fv2%2Fcomments&post=2421"}],"version-history":[{"count":0,"href":"https:\/\/www.sozialpartner.at\/index.php?rest_route=\/wp\/v2\/pages\/2421\/revisions"}],"up":[{"embeddable":true,"href":"https:\/\/www.sozialpartner.at\/index.php?rest_route=\/wp\/v2\/pages\/1062"}],"wp:attachment":[{"href":"https:\/\/www.sozialpartner.at\/index.php?rest_route=%2Fwp%2Fv2%2Fmedia&parent=2421"}],"curies":[{"name":"wp","href":"https:\/\/api.w.org\/{rel}","templated":true}]}}

<div class="wpb-content-wrapper"><p>[vc_row css=&#8220;.vc_custom_1437127908811{padding-top: 50px !important;padding-bottom: 30px !important;}&#8220;][vc_column width=&#8220;2/12&#8243;][vc_column_text]<br />
[/vc_column_text][/vc_column][vc_column width=&#8220;3/12&#8243;]<div class="sp-boxed-side-navigation">
             <div class="sp-navigation-header">
                <a href="#">Sonstige Veranstaltungen</a>
             </div>
             <div class="sp-navigation-content">
                <ul><li><a href="https://www.sozialpartner.at/?page_id=4759">Veranstaltung 2018</a></li><li><a href="https://www.sozialpartner.at/?page_id=4341">Enquete 2017</a></li><li><a href="https://www.sozialpartner.at/?page_id=1582">Tagung des Beirats 2014</a></li><li><a href="https://www.sozialpartner.at/?page_id=2407">Enquete des Beirats 2012</a></li><li class="curent-page-item"><a href="https://www.sozialpartner.at/?page_id=2421">Enquete der Sozialpartner 2012</a></li></ul>
             </div>
          </div>[/vc_column][vc_column width=&#8220;5/12&#8243;][vc_custom_heading text=&#8220;21.05.2012&#8243; font_container=&#8220;tag:h4|text_align:left&#8220; use_theme_fonts=&#8220;yes&#8220; css=&#8220;.vc_custom_1441272976291{padding-top: 3px !important;}&#8220;][vc_custom_heading text=&#8220;Migration – Integration&#8220; font_container=&#8220;tag:h3|font_size:22px|text_align:left|line_height:40px&#8220; use_theme_fonts=&#8220;yes&#8220;][vc_empty_space height=&#8220;20&#8243;][vc_column_text el_class=&#8220;sp-test&#8220; css=&#8220;.vc_custom_1441124608084{margin-top: -17px !important;}&#8220;]</p>
<p style="font-size: 16px; line-height: 28px; font-weight: 300;">Die österreichischen Sozialpartner haben in der Studie Migration und Integration die vier Teilbereiche Integrationsbegleitung, Bildung, Arbeitsmarkt und Migration näher beleuchtet.<br />
Im Rahmen der Enquete werden nun weitere wesentliche Empfehlungen und Best-Practice-Beispiele der Sozialpartner im Bereich Migration und Integration präsentiert.</p>
<p>[/vc_column_text][/vc_column][vc_column width=&#8220;2/12&#8243;][vc_column_text]<br />
[/vc_column_text][/vc_column][/vc_row][vc_row][vc_column width=&#8220;2/12&#8243;][vc_column_text]<br />
[/vc_column_text][/vc_column][vc_column width=&#8220;8/12&#8243;][vc_single_image image=&#8220;246&#8243; img_size=&#8220;full&#8220; alignment=&#8220;center&#8220; css=&#8220;.vc_custom_1437127900419{padding-top: 30px !important;padding-bottom: 30px !important;}&#8220;][/vc_column][vc_column width=&#8220;2/12&#8243;][vc_column_text]<br />
[/vc_column_text][/vc_column][/vc_row][vc_row css=&#8220;.vc_custom_1441180380380{padding-top: 10px !important;}&#8220;][vc_column width=&#8220;2/12&#8243; el_class=&#8220;sp-expandable-tabs-wrapper&#8220;][vc_column_text]<br />
[/vc_column_text][/vc_column][vc_column width=&#8220;8/12&#8243; el_class=&#8220;sp-expandable-tabs-wrapper&#8220;][vc_tta_tabs active_section=&#8220;1&#8243;][vc_tta_section title=&#8220;Programm Montag 21.05.2012&#8243; tab_id=&#8220;1436982932325-8ee59503-2674c213-c3eef9bd-0956f52b-365fdea7-8ed0&#8243;][vc_row_inner css=&#8220;.vc_custom_1441273649582{padding-bottom: 10px !important;}&#8220;][vc_column_inner][vc_custom_heading text=&#8220;Wirtschaftskammer Österreich &#8211; WKO Sky Lounge&#8220; font_container=&#8220;tag:h3|text_align:left|color:%23c01b15&#8243; use_theme_fonts=&#8220;yes&#8220;][/vc_column_inner][/vc_row_inner][vc_row_inner][vc_column_inner width=&#8220;1/3&#8243;][vc_column_text]</p>
<p><strong>09:00 Uhr</strong></p>
<p>[/vc_column_text][/vc_column_inner][vc_column_inner width=&#8220;2/3&#8243;][vc_column_text]<strong>Begrüßung</strong><br />
Dr. Christoph Leitl, Präsident der Wirtschaftskammer Österreich[/vc_column_text][/vc_column_inner][/vc_row_inner][vc_row_inner][vc_column_inner][vc_separator][/vc_column_inner][/vc_row_inner][vc_row_inner][vc_column_inner width=&#8220;1/3&#8243;][vc_column_text]</p>
<p><strong>09:10 Uhr</strong></p>
<p>[/vc_column_text][/vc_column_inner][vc_column_inner width=&#8220;2/3&#8243;][vc_column_text]<strong>Integration durch Leistung<br />
</strong>Staatssekretär Sebastian Kurz[/vc_column_text][/vc_column_inner][/vc_row_inner][vc_row_inner][vc_column_inner][vc_separator][/vc_column_inner][/vc_row_inner][vc_row_inner][vc_column_inner width=&#8220;1/3&#8243;][vc_column_text]</p>
<p><strong>09:25 Uhr</strong></p>
<p>[/vc_column_text][/vc_column_inner][vc_column_inner width=&#8220;2/3&#8243;][vc_column_text]</p>
<p><strong>Präsentation der Beiratsstudie Migration und Integration</strong></p>
<p>[/vc_column_text][/vc_column_inner][/vc_row_inner][vc_row_inner][vc_column_inner][vc_separator][/vc_column_inner][/vc_row_inner][vc_row_inner][vc_column_inner width=&#8220;1/3&#8243;][vc_column_text]</p>
<p><strong>10:10 Uhr</strong></p>
<p>[/vc_column_text][/vc_column_inner][vc_column_inner width=&#8220;2/3&#8243;][vc_column_text]<strong>Kommentar von Staatssekretär Sebastian Kurz</strong><br />
danach Kaffeepause[/vc_column_text][/vc_column_inner][/vc_row_inner][vc_row_inner][vc_column_inner][vc_separator][/vc_column_inner][/vc_row_inner][vc_row_inner][vc_column_inner width=&#8220;1/3&#8243;][vc_column_text]</p>
<p><strong>11:00 Uhr</strong></p>
<p>[/vc_column_text][/vc_column_inner][vc_column_inner width=&#8220;2/3&#8243;][vc_column_text]<strong>Makroökonomische Auswirkungen der Zuwanderung</strong><br />
Prof. Dr. Herbert Brücker (IAB)[/vc_column_text][/vc_column_inner][/vc_row_inner][vc_row_inner][vc_column_inner][vc_separator][/vc_column_inner][/vc_row_inner][vc_row_inner][vc_column_inner width=&#8220;1/3&#8243;][vc_column_text]</p>
<p><strong>11:20 Uhr</strong></p>
<p>[/vc_column_text][/vc_column_inner][vc_column_inner width=&#8220;2/3&#8243;][vc_column_text]<strong>Effekte der Rot-Weiß-Rot-Karte auf Wirtschaft und Arbeitsmarkt</strong><br />
Bundesminister Dr. Reinhold Mitterlehner[/vc_column_text][/vc_column_inner][/vc_row_inner][vc_row_inner][vc_column_inner][vc_separator][/vc_column_inner][/vc_row_inner][vc_row_inner][vc_column_inner width=&#8220;1/3&#8243;][vc_column_text]</p>
<p><strong>11:35 Uhr</strong></p>
<p>[/vc_column_text][/vc_column_inner][vc_column_inner width=&#8220;2/3&#8243;][vc_column_text]<strong>Nächste Handlungsfelder im Bereich Migration-Integration</strong><br />
<strong>Podiumsdiskussion der Sozialpartner-Präsidenten</strong><br />
Dr. Christoph Leitl, Präsident der WKÖ<br />
ÖkR Gerhard Wlodkowski, Präsident der LKÖ<br />
Erich Foglar, Präsident des ÖGB<br />
Herbert Tumpel, Präsident der AK<br />
<em>Moderation:</em> Mag. Amela Mirkovic[/vc_column_text][/vc_column_inner][/vc_row_inner][vc_row_inner][vc_column_inner][vc_separator][/vc_column_inner][/vc_row_inner][vc_row_inner][vc_column_inner width=&#8220;1/3&#8243;][vc_column_text]</p>
<p><strong>13:00 Uhr</strong></p>
<p>[/vc_column_text][/vc_column_inner][vc_column_inner width=&#8220;2/3&#8243;][vc_column_text]<strong>Ende der Veranstaltung</strong><br />
Im Anschluss laden wir zum Buffet[/vc_column_text][/vc_column_inner][/vc_row_inner][/vc_tta_section][/vc_tta_tabs][/vc_column][vc_column width=&#8220;2/12&#8243;][vc_column_text]<br />
[/vc_column_text][/vc_column][/vc_row][vc_row css=&#8220;.vc_custom_1440765543182{padding-top: -30px !important;}&#8220;][vc_column width=&#8220;2/12&#8243;][vc_column_text]<br />
[/vc_column_text][/vc_column][vc_column width=&#8220;8/12&#8243;][vc_single_image image=&#8220;246&#8243; img_size=&#8220;full&#8220; alignment=&#8220;center&#8220; css=&#8220;.vc_custom_1440765796618{padding-top: 0px !important;padding-bottom: 30px !important;}&#8220;][/vc_column][vc_column width=&#8220;2/12&#8243;][vc_column_text]<br />
[/vc_column_text][/vc_column][/vc_row][vc_row css=&#8220;.vc_custom_1440765593240{padding-top: 0px !important;}&#8220;][vc_column width=&#8220;2/12&#8243;][vc_column_text]<br />
[/vc_column_text][/vc_column][vc_column width=&#8220;8/12&#8243;]<section class="sp-content-section">
               <div class="sp-publications-element sp-publications-red">
                  <div class="sp-publications-header">
                     <div>Unterlagen</div>
                  </div>
                  <div class="sp-publications-body">
                     <div class="sp-publications-body-header">
                        <div class="row">
                           <div class="col-md-6 col-md-offset-6">
                              <div class="sp-publications-subline">Bezeichnung</div>
                           </div>
                           <div class="clearfix"></div>
                        </div>
                     </div>
                     <div class="sp-publications-body-content">
                        <div class="row">
                           <div class="col-md-6">
                              <div class="sp-image-wrapper">
                                 <img decoding="async" src="https://www.sozialpartner.at/wp-content/uploads/2015/07/file.png" alt="" />
                              </div>
                           </div>
                           <div class="col-md-6"><div class="mCustomScrollbar " data-mcs-theme="dark">
                                 <ul class="sp-download-list"><li>
                                          <div class="row">
                                            <div class="col-md-9">
                                               <p>Sozialpartner-Enquete 2012 - Einladung</p>
                                            </div>
                                            <div class="col-md-3 sp-publications-download-link">
                                               <a href="https://www.sozialpartner.at/wp-content/uploads/2015/08/Einladung-Sozialpartner-Enquete-Migration-Integration-21.5.2012.pdf" target="_blank"><i class="fa fa-cloud-download"></i></a>
                                            </div>
                                            <div class="clearfix"></div>
                                          </div>
                                        </li> </ul>
                              </div>
                           </div>
                           <div class="clearfix"></div>
                        </div>
                     </div>
                  </div>  </div>
            </section>[/vc_column][vc_column width=&#8220;2/12&#8243;][vc_column_text]<br />
[/vc_column_text][/vc_column][/vc_row]</p>
</div>

<p>[vc_row css=&#8220;.vc_custom_1437127908811{padding-top: 50px !important;padding-bottom: 30px !important;}&#8220;][vc_column width=&#8220;2/12&#8243;][vc_column_text] [/vc_column_text][/vc_column][vc_column width=&#8220;3/12&#8243;][/vc_column][vc_column width=&#8220;5/12&#8243;][vc_custom_heading text=&#8220;21.05.2012&#8243; font_container=&#8220;tag:h4|text_align:left&#8220; use_theme_fonts=&#8220;yes&#8220; css=&#8220;.vc_custom_1441272976291{padding-top: 3px !important;}&#8220;][vc_custom_heading text=&#8220;Migration – Integration&#8220; font_container=&#8220;tag:h3|font_size:22px|text_align:left|line_height:40px&#8220; use_theme_fonts=&#8220;yes&#8220;][vc_empty_space height=&#8220;20&#8243;][vc_column_text el_class=&#8220;sp-test&#8220; css=&#8220;.vc_custom_1441124608084{margin-top: -17px !important;}&#8220;] Die österreichischen Sozialpartner haben in der Studie Migration und Integration die vier Teilbereiche Integrationsbegleitung, Bildung, Arbeitsmarkt und Migration näher beleuchtet. Im Rahmen der Enquete werden nun weitere wesentliche Empfehlungen [&hellip;]</p>
