
{"id":3354,"date":"2015-09-28T06:32:21","date_gmt":"2015-09-28T06:32:21","guid":{"rendered":"http:\/\/socialpartner.linuxgood.kraftwerk.co.at\/wordpress\/?page_id=3354"},"modified":"2026-03-10T10:17:34","modified_gmt":"2026-03-10T10:17:34","slug":"praesidenten-und-generalsekretaere","status":"publish","type":"page","link":"https:\/\/www.sozialpartner.at\/?page_id=3354","title":{"rendered":"Pr\u00e4sidenten und Generalsekret\u00e4re"},"content":{"rendered":"<div class=\"wpb-content-wrapper\"><p>[vc_row][vc_column][vc_column_text]<\/p>\n<h1><\/h1>\n<p>[\/vc_column_text][\/vc_column][\/vc_row][vc_row css=&#8220;.vc_custom_1437125168567{padding-top: 40px !important;}&#8220;][vc_column width=&#8220;2\/12&#8243;][vc_column_text]<br \/>\n[\/vc_column_text][\/vc_column][vc_column width=&#8220;3\/12&#8243;]<div class=\"sp-boxed-side-navigation\">\r\n             <div class=\"sp-navigation-header\">\r\n                <a href=\"#\">Sozialpartner<\/a>\r\n             <\/div>\r\n             <div class=\"sp-navigation-content\">\r\n                <ul><li><a href=\"https:\/\/www.sozialpartner.at\/?page_id=127\">Was ist das?<\/a><\/li><li><a href=\"https:\/\/www.sozialpartner.at\/?page_id=1115\">Geschichte<\/a><\/li><li><a href=\"https:\/\/www.sozialpartner.at\/?page_id=382\">Aufgaben<\/a><\/li><li class=\"curent-page-item\"><a href=\"https:\/\/www.sozialpartner.at\/?page_id=3354\">Pr\u00e4sidenten und Generalsekret\u00e4re<\/a><\/li><\/ul>\r\n             <\/div>\r\n          <\/div>[\/vc_column][vc_column width=&#8220;5\/12&#8243;][vc_custom_heading text=&#8220;Pr\u00e4sidenten und Generalsekret\u00e4re&#8220; font_container=&#8220;tag:h3|text_align:left&#8220; use_theme_fonts=&#8220;yes&#8220;][vc_empty_space height=&#8220;20&#8243;][vc_column_text css=&#8220;.vc_custom_1443612604639{margin-top: -14px !important;}&#8220;]<\/p>\n<p style=\"font-size: 16px; line-height: 28px; font-weight: 300;\">Die \u00f6sterreichische Sozialpartnerschaft wird ganz wesentlich von den Pr\u00e4sidenten und Generalsekret\u00e4ren der Sozialpartner-Organisationen gepr\u00e4gt.<\/p>\n<p>[\/vc_column_text][vc_row_inner][vc_column_inner]<br \/>\n[\/vc_column_inner][\/vc_row_inner][\/vc_column][vc_column width=&#8220;2\/12&#8243;][vc_column_text]<br \/>\n[\/vc_column_text][\/vc_column][\/vc_row][vc_row][vc_column width=&#8220;2\/12&#8243;][vc_column_text]<br \/>\n[\/vc_column_text][\/vc_column][vc_column width=&#8220;8\/12&#8243;][\/vc_column][vc_column width=&#8220;2\/12&#8243;][vc_column_text]<br \/>\n[\/vc_column_text][\/vc_column][\/vc_row][vc_row][vc_column width=&#8220;2\/12&#8243;][vc_column_text]<br \/>\n[\/vc_column_text][\/vc_column][vc_column width=&#8220;8\/12&#8243;][vc_single_image image=&#8220;246&#8243; img_size=&#8220;full&#8220; alignment=&#8220;center&#8220; css=&#8220;.vc_custom_1441207340960{padding-top: 40px !important;padding-bottom: 0px !important;}&#8220;][\/vc_column][vc_column width=&#8220;2\/12&#8243;][vc_column_text]<br \/>\n[\/vc_column_text][\/vc_column][\/vc_row][vc_row][vc_column width=&#8220;2\/12&#8243;][vc_column_text]<br \/>\n[\/vc_column_text][\/vc_column][vc_column width=&#8220;8\/12&#8243;][vc_column_text]<\/p>\n<h3>Landwirtschaftskammer \u00d6sterreich<\/h3>\n<p>[\/vc_column_text][\/vc_column][vc_column width=&#8220;2\/12&#8243;][vc_column_text]<br \/>\n[\/vc_column_text][\/vc_column][\/vc_row][vc_row css=&#8220;.vc_custom_1443613750327{padding-top: 25px !important;}&#8220;][vc_column width=&#8220;2\/12&#8243;][vc_column_text]<br \/>\n[\/vc_column_text][\/vc_column][vc_column width=&#8220;2\/12&#8243;][vc_single_image image=&#8220;7482&#8243; img_size=&#8220;&#8220; css=&#8220;&#8220;][\/vc_column][vc_column width=&#8220;6\/12&#8243;][vc_column_text css=&#8220;&#8220;]<strong>Josef Moosbrugger<\/strong><br \/>\nPr\u00e4sident der Landwirtschaftskammer \u00d6sterreich<\/p>\n<p>Copyright: LK\u00d6_APA-Fotoservice_Schedl[\/vc_column_text][\/vc_column][vc_column width=&#8220;2\/12&#8243;][vc_column_text]<br \/>\n[\/vc_column_text][\/vc_column][\/vc_row][vc_row css=&#8220;.vc_custom_1443613750327{padding-top: 25px !important;}&#8220;][vc_column width=&#8220;2\/12&#8243;][vc_column_text]<br \/>\n[\/vc_column_text][\/vc_column][vc_column width=&#8220;2\/12&#8243;][vc_single_image image=&#8220;7478&#8243; img_size=&#8220;150 x 170&#8243; css=&#8220;&#8220; el_class=&#8220;img-fixed-thumbnail&#8220;][\/vc_column][vc_column width=&#8220;6\/12&#8243;][vc_column_text]<strong>DI Ferdinand Lembacher<\/strong><br \/>\nGeneralsekret\u00e4r\u00a0der Landwirtschaftskammer \u00d6sterreich[\/vc_column_text][\/vc_column][vc_column width=&#8220;2\/12&#8243;][vc_column_text]<br \/>\n[\/vc_column_text][\/vc_column][\/vc_row][vc_row css=&#8220;.vc_custom_1443613888104{padding-top: 25px !important;padding-bottom: 20px !important;}&#8220;][vc_column width=&#8220;2\/12&#8243;][vc_column_text]<br \/>\n[\/vc_column_text][\/vc_column][vc_column width=&#8220;8\/12&#8243;][vc_separator][\/vc_column][vc_column width=&#8220;2\/12&#8243;][vc_column_text]<br \/>\n[\/vc_column_text][\/vc_column][\/vc_row][vc_row][vc_column width=&#8220;2\/12&#8243;][vc_column_text]<br \/>\n[\/vc_column_text][\/vc_column][vc_column width=&#8220;8\/12&#8243;][vc_column_text]<\/p>\n<h3>Bundesarbeitskammer<\/h3>\n<p>[\/vc_column_text][\/vc_column][vc_column width=&#8220;2\/12&#8243;][vc_column_text]<br \/>\n[\/vc_column_text][\/vc_column][\/vc_row][vc_row css=&#8220;.vc_custom_1443613800375{padding-top: 25px !important;}&#8220;][vc_column width=&#8220;2\/12&#8243;][vc_column_text]<br \/>\n[\/vc_column_text][\/vc_column][vc_column width=&#8220;2\/12&#8243;][vc_single_image image=&#8220;4824&#8243; img_size=&#8220;150 x 170&#8243; css=&#8220;&#8220; el_class=&#8220;img-fixed-thumbnail&#8220;][\/vc_column][vc_column width=&#8220;6\/12&#8243;][vc_column_text]<strong>Renate Anderl<\/strong><br \/>\nPr\u00e4sidentin der AK Wien und der Bundesarbeitskammer[\/vc_column_text][\/vc_column][vc_column width=&#8220;2\/12&#8243;][vc_column_text]<br \/>\n[\/vc_column_text][\/vc_column][\/vc_row][vc_row css=&#8220;.vc_custom_1441126876748{padding-top: 30px !important;}&#8220;][vc_column width=&#8220;2\/12&#8243;][vc_column_text]<br \/>\n[\/vc_column_text][\/vc_column][vc_column width=&#8220;1\/6&#8243;][vc_single_image image=&#8220;7433&#8243; img_size=&#8220;&#8220; css=&#8220;&#8220; el_class=&#8220;img-fixed-thumbnail&#8220;][\/vc_column][vc_column width=&#8220;6\/12&#8243;][vc_column_text css=&#8220;&#8220;]<strong>Mag. Silvia Hru\u0161ka-Frank<\/strong><br \/>\nDirektorin der AK Wien<\/p>\n<p>Copyright: AK\/Zinner[\/vc_column_text][\/vc_column][vc_column width=&#8220;2\/12&#8243;][vc_column_text]<br \/>\n[\/vc_column_text][\/vc_column][\/vc_row][vc_row css=&#8220;.vc_custom_1443613845606{padding-top: 25px !important;padding-bottom: 20px !important;}&#8220;][vc_column width=&#8220;2\/12&#8243;][vc_column_text]<br \/>\n[\/vc_column_text][\/vc_column][vc_column width=&#8220;8\/12&#8243;][vc_separator][\/vc_column][vc_column width=&#8220;2\/12&#8243;][vc_column_text]<br \/>\n[\/vc_column_text][\/vc_column][\/vc_row][vc_row css=&#8220;.vc_custom_1443613845606{padding-top: 25px !important;padding-bottom: 20px !important;}&#8220;][vc_column width=&#8220;2\/12&#8243;][vc_column_text]<br \/>\n[\/vc_column_text][\/vc_column][vc_column width=&#8220;8\/12&#8243;][vc_column_text]<\/p>\n<h3>Wirtschaftskammer \u00d6sterreich<\/h3>\n<p>[\/vc_column_text][\/vc_column][vc_column width=&#8220;2\/12&#8243;][vc_column_text]<br \/>\n[\/vc_column_text][\/vc_column][\/vc_row][vc_row css=&#8220;.vc_custom_1443613788537{padding-top: 25px !important;}&#8220;][vc_column width=&#8220;2\/12&#8243;][vc_column_text]<br \/>\n[\/vc_column_text][\/vc_column][vc_column width=&#8220;2\/12&#8243;][vc_single_image image=&#8220;7275&#8243; img_size=&#8220;150 \u00d7 150&#8243; css=&#8220;&#8220; el_class=&#8220;img-fixed-thumbnail&#8220;][\/vc_column][vc_column width=&#8220;6\/12&#8243;][vc_column_text css=&#8220;&#8220;]<strong>Martha Schultz<\/strong><br \/>\nPr\u00e4sidentin Wirtschaftskammer \u00d6sterreich<br \/>\nCopyright: Barbara Nidetzky[\/vc_column_text][\/vc_column][vc_column width=&#8220;2\/12&#8243;][vc_column_text]<br \/>\n[\/vc_column_text][\/vc_column][\/vc_row][vc_row css=&#8220;.vc_custom_1441126876748{padding-top: 30px !important;}&#8220;][vc_column width=&#8220;2\/12&#8243;][vc_column_text]<br \/>\n[\/vc_column_text][\/vc_column][vc_column width=&#8220;2\/12&#8243;][vc_single_image image=&#8220;6771&#8243; img_size=&#8220;150 x 170&#8243; css=&#8220;&#8220; el_class=&#8220;img-fixed-thumbnail&#8220;][\/vc_column][vc_column width=&#8220;6\/12&#8243;][vc_column_text css=&#8220;&#8220;]<strong>Mag. Jochen Danninger<br \/>\n<\/strong>Generalsekret\u00e4r Wirtschaftskammer \u00d6sterreich<\/p>\n<p>Copyright: Philipp Monihart[\/vc_column_text][\/vc_column][vc_column width=&#8220;2\/12&#8243;][vc_column_text]<br \/>\n[\/vc_column_text][\/vc_column][\/vc_row][vc_row css=&#8220;.vc_custom_1443613845606{padding-top: 25px !important;padding-bottom: 20px !important;}&#8220;][vc_column width=&#8220;2\/12&#8243;][vc_column_text]<br \/>\n[\/vc_column_text][\/vc_column][vc_column width=&#8220;8\/12&#8243;][vc_separator][\/vc_column][vc_column width=&#8220;2\/12&#8243;][vc_column_text]<br \/>\n[\/vc_column_text][\/vc_column][\/vc_row][vc_row][vc_column width=&#8220;2\/12&#8243;][vc_column_text]<br \/>\n[\/vc_column_text][\/vc_column][vc_column width=&#8220;8\/12&#8243;][vc_column_text]<\/p>\n<h3>\u00d6sterreichischer Gewerkschaftsbund<\/h3>\n<p>[\/vc_column_text][\/vc_column][vc_column width=&#8220;2\/12&#8243;][vc_column_text]<br \/>\n[\/vc_column_text][\/vc_column][\/vc_row][vc_row css=&#8220;.vc_custom_1454064489303{padding-top: 20px !important;}&#8220;][vc_column width=&#8220;2\/12&#8243;][vc_column_text]<br \/>\n[\/vc_column_text][\/vc_column][vc_column width=&#8220;2\/12&#8243;][vc_single_image image=&#8220;4851&#8243; img_size=&#8220;150 x 170&#8243; css=&#8220;&#8220; el_class=&#8220;img-fixed-thumbnail&#8220;][\/vc_column][vc_column width=&#8220;6\/12&#8243;][vc_column_text]<strong>Wolfgang Katzian<br \/>\n<\/strong>Pr\u00e4sident des \u00d6sterreichischen Gewerkschaftsbundes[\/vc_column_text][\/vc_column][vc_column width=&#8220;2\/12&#8243;][vc_column_text]<br \/>\n[\/vc_column_text][\/vc_column][\/vc_row][vc_row css=&#8220;.vc_custom_1454064507765{padding-top: 20px !important;}&#8220;][vc_column width=&#8220;2\/12&#8243;][vc_column_text]<br \/>\n[\/vc_column_text][\/vc_column][vc_column width=&#8220;2\/12&#8243;][vc_single_image image=&#8220;7488&#8243; img_size=&#8220;&#8220; css=&#8220;&#8220; el_class=&#8220;img-fixed-thumbnail&#8220;][\/vc_column][vc_column width=&#8220;6\/12&#8243;][vc_column_text css=&#8220;&#8220;]<strong>Dr. Helene Schuberth<\/strong><br \/>\nBundesgesch\u00e4ftsf\u00fchrerin des \u00d6sterreichischen Gewerkschaftsbundes<\/p>\n<p>Copyright: \u00a0\u00d6GB\/Roland de Roo[\/vc_column_text][\/vc_column][vc_column width=&#8220;2\/12&#8243;][vc_column_text]<br \/>\n[\/vc_column_text][\/vc_column][\/vc_row][vc_row css=&#8220;.vc_custom_1443613845606{padding-top: 25px !important;padding-bottom: 20px !important;}&#8220;][vc_column width=&#8220;2\/12&#8243;][vc_column_text]<br \/>\n[\/vc_column_text][\/vc_column][vc_column width=&#8220;8\/12&#8243;][vc_separator][\/vc_column][vc_column width=&#8220;2\/12&#8243;][vc_column_text]<br \/>\n[\/vc_column_text][\/vc_column][\/vc_row]<\/p>\n<\/div>","protected":false},"excerpt":{"rendered":"<p>[vc_row][vc_column][vc_column_text] [\/vc_column_text][\/vc_column][\/vc_row][vc_row css=&#8220;.vc_custom_1437125168567{padding-top: 40px !important;}&#8220;][vc_column width=&#8220;2\/12&#8243;][vc_column_text] [\/vc_column_text][\/vc_column][vc_column width=&#8220;3\/12&#8243;][\/vc_column][vc_column width=&#8220;5\/12&#8243;][vc_custom_heading text=&#8220;Pr\u00e4sidenten und Generalsekret\u00e4re&#8220; font_container=&#8220;tag:h3|text_align:left&#8220; use_theme_fonts=&#8220;yes&#8220;][vc_empty_space height=&#8220;20&#8243;][vc_column_text css=&#8220;.vc_custom_1443612604639{margin-top: -14px !important;}&#8220;] Die \u00f6sterreichische Sozialpartnerschaft wird ganz wesentlich von den Pr\u00e4sidenten und Generalsekret\u00e4ren der Sozialpartner-Organisationen gepr\u00e4gt. [\/vc_column_text][vc_row_inner][vc_column_inner] [\/vc_column_inner][\/vc_row_inner][\/vc_column][vc_column width=&#8220;2\/12&#8243;][vc_column_text] [\/vc_column_text][\/vc_column][\/vc_row][vc_row][vc_column width=&#8220;2\/12&#8243;][vc_column_text] [\/vc_column_text][\/vc_column][vc_column width=&#8220;8\/12&#8243;][\/vc_column][vc_column width=&#8220;2\/12&#8243;][vc_column_text] [\/vc_column_text][\/vc_column][\/vc_row][vc_row][vc_column width=&#8220;2\/12&#8243;][vc_column_text] [\/vc_column_text][\/vc_column][vc_column width=&#8220;8\/12&#8243;][vc_single_image image=&#8220;246&#8243; img_size=&#8220;full&#8220; alignment=&#8220;center&#8220; css=&#8220;.vc_custom_1441207340960{padding-top: 40px !important;padding-bottom: 0px !important;}&#8220;][\/vc_column][vc_column width=&#8220;2\/12&#8243;][vc_column_text] [\/vc_column_text][\/vc_column][\/vc_row][vc_row][vc_column width=&#8220;2\/12&#8243;][vc_column_text] [&hellip;]<\/p>\n","protected":false},"author":1,"featured_media":0,"parent":1154,"menu_order":40,"comment_status":"closed","ping_status":"closed","template":"","meta":{"footnotes":""},"class_list":["post-3354","page","type-page","status-publish","hentry"],"_links":{"self":[{"href":"https:\/\/www.sozialpartner.at\/index.php?rest_route=\/wp\/v2\/pages\/3354","targetHints":{"allow":["GET"]}}],"collection":[{"href":"https:\/\/www.sozialpartner.at\/index.php?rest_route=\/wp\/v2\/pages"}],"about":[{"href":"https:\/\/www.sozialpartner.at\/index.php?rest_route=\/wp\/v2\/types\/page"}],"author":[{"embeddable":true,"href":"https:\/\/www.sozialpartner.at\/index.php?rest_route=\/wp\/v2\/users\/1"}],"replies":[{"embeddable":true,"href":"https:\/\/www.sozialpartner.at\/index.php?rest_route=%2Fwp%2Fv2%2Fcomments&post=3354"}],"version-history":[{"count":75,"href":"https:\/\/www.sozialpartner.at\/index.php?rest_route=\/wp\/v2\/pages\/3354\/revisions"}],"predecessor-version":[{"id":7492,"href":"https:\/\/www.sozialpartner.at\/index.php?rest_route=\/wp\/v2\/pages\/3354\/revisions\/7492"}],"up":[{"embeddable":true,"href":"https:\/\/www.sozialpartner.at\/index.php?rest_route=\/wp\/v2\/pages\/1154"}],"wp:attachment":[{"href":"https:\/\/www.sozialpartner.at\/index.php?rest_route=%2Fwp%2Fv2%2Fmedia&parent=3354"}],"curies":[{"name":"wp","href":"https:\/\/api.w.org\/{rel}","templated":true}]}}